D/TmWidgetProvider( 2356): updateAppWidget appWidgetId=4
D/TmWidgetProvider( 2356): updateAppWidget appWidgetId=4
D/TmWidgetProvider( 2356): updateAppWidget appWidgetId=4
D/MediaScannerService( 2325): IMediaScannerService.scanFile: /mnt/sdcard/sdcard1/deb-r2.1.1568_update_zip.zip mimeType: null
D/TmWidgetProvider( 2356): updateAppWidget appWidgetId=4
I/org.swiftp.TcpListener( 2813): New connection, spawned thread
I/org.swiftp.SessionThread( 2813): SessionThread started
D/dalvikvm( 2813): GC_FOR_MALLOC freed 4416 objects / 477592 bytes in 53ms
I/class org.swiftp.CmdPASS( 2813): User onil password verified
I/org.swiftp.SessionThread( 2813): Authentication complete
D/dalvikvm( 2813): GC_FOR_MALLOC freed 2525 objects / 462184 bytes in 50ms
D/TmWidgetProvider( 2356): updateAppWidget appWidgetId=4
D/dalvikvm( 2824): GC_EXPLICIT freed 4342 objects / 218288 bytes in 54ms
D/TmWidgetProvider( 2356): updateAppWidget appWidgetId=4
D/WindowManager( 2068): --->screenWasOff:false; flags:1114368; FLAG_TOUCHABLE_WHEN_WAKING:64
D/WindowManager( 2068): --->screenWasOff:false; flags:1114368; FLAG_TOUCHABLE_WHEN_WAKING:64
I/System.out( 2179): UPDATECOUNTERS REQUEST: com.ghostsq.commander = 0
I/System.out( 2179): UPDATINGCOUNTERS: com.ghostsq.commander = 0
I/ActivityManager( 2068): Starting activity: Intent { act=android.intent.action.MAIN cat=[android.intent.category.LAUNCHER] flg=0x10200000 cmp=com.ghostsq.commander/.FileCommander bnds=[976,224][1024,272] }
I/ActivityManager( 2068): Start proc com.ghostsq.commander for activity com.ghostsq.commander/.FileCommander: pid=2903 uid=10069 gids={3003, 1015}
D/dalvikvm( 1993): GC_EXPLICIT freed 288 objects / 10928 bytes in 151ms
I/ActivityThread( 2903): Publishing provider com.ghostsq.commander.FileProvider: com.ghostsq.commander.FileProvider
D/dalvikvm( 1993): GC_EXPLICIT freed 47 objects / 2096 bytes in 193ms
D/dalvikvm( 1993): GC_EXPLICIT freed 2 objects / 64 bytes in 95ms
V/GhostCommanderActivity( 2903): Action: android.intent.action.MAIN
V/GhostCommanderActivity( 2903): Starting
E/ListHelper1( 2903): CommanderAdapter is not defined
I/GhostCommanderActivity( 2903): notify with cookie: 0touchretouch
I/GhostCommanderActivity( 2903): notify with cookie: 1/
V/Panels ( 2903): toggle
V/Panels ( 2903): setPanelCurrent: 1
V/Panels ( 2903): setPanelCurrent: 0
I/GhostCommanderActivity( 2903): Restoring Instance State
D/dalvikvm( 2903): GC_FOR_MALLOC freed 4520 objects / 254264 bytes in 63ms
I/GhostCommanderActivity( 2903): notify with cookie: 0touchretouch
D/dalvikvm( 2903): GC_EXTERNAL_ALLOC freed 1703 objects / 162480 bytes in 66ms
E/FSAdapter( 2903): ThumbnailsThread.run()
E/FSAdapter( 2903): java.lang.InterruptedException
E/FSAdapter( 2903): at java.lang.VMThread.sleep(Native Method)
E/FSAdapter( 2903): at java.lang.Thread.sleep(Thread.java:1306)
E/FSAdapter( 2903): at java.lang.Thread.sleep(Thread.java:1286)
E/FSAdapter( 2903): at com.ghostsq.commander.FSAdapter$ThumbnailsThread.run(FSAdapter.java:209)
I/GhostCommanderActivity( 2903): notify with cookie: 1/
V/Panels ( 2903): toggle
V/Panels ( 2903): setPanelCurrent: 1
V/Panels ( 2903): setPanelCurrent: 0
V/GhostCommanderActivity( 2903): Resuming
D/dalvikvm( 2903): GC_FOR_MALLOC freed 4524 objects / 300696 bytes in 60ms
I/ActivityManager( 2068): Displayed activity com.ghostsq.commander/.FileCommander: 2146 ms (total 2146 ms)
D/WindowManager( 2068): --->screenWasOff:false; flags:65792; FLAG_TOUCHABLE_WHEN_WAKING:64
D/WindowManager( 2068): --->screenWasOff:false; flags:131074; FLAG_TOUCHABLE_WHEN_WAKING:64
I/dalvikvm( 2903): Jit: resizing JitTable from 512 to 1024
D/TmWidgetProvider( 2356): updateAppWidget appWidgetId=4
D/dalvikvm( 2356): GC_FOR_MALLOC freed 10390 objects / 524584 bytes in 53ms
D/WindowManager( 2068): --->screenWasOff:false; flags:131074; FLAG_TOUCHABLE_WHEN_WAKING:64
D/dalvikvm( 2903): GC_FOR_MALLOC freed 5738 objects / 295104 bytes in 68ms
W/InputManagerService( 2068): Window already focused, ignoring focus gain of: com.android.internal.view.IInputMethodClient$Stub$Proxy@46089558
D/WindowManager( 2068): --->screenWasOff:false; flags:65792; FLAG_TOUCHABLE_WHEN_WAKING:64
D/dalvikvm( 2179): GC_EXPLICIT freed 19298 objects / 842184 bytes in 151ms
I/dalvikvm( 2903): Jit: resizing JitTable from 1024 to 2048
D/WindowManager( 2068): --->screenWasOff:false; flags:131074; FLAG_TOUCHABLE_WHEN_WAKING:64
D/WindowManager( 2068): --->screenWasOff:false; flags:131074; FLAG_TOUCHABLE_WHEN_WAKING:64
D/WindowManager( 2068): --->screenWasOff:false; flags:131074; FLAG_TOUCHABLE_WHEN_WAKING:64
D/TmWidgetProvider( 2356): updateAppWidget appWidgetId=4
W/InputManagerService( 2068): Window already focused, ignoring focus gain of: com.android.internal.view.IInputMethodClient$Stub$Proxy@46168318
D/dalvikvm( 2903): GC_FOR_MALLOC freed 10424 objects / 545304 bytes in 67ms
D/WindowManager( 2068): --->screenWasOff:false; flags:72; FLAG_TOUCHABLE_WHEN_WAKING:64
D/StatusBarView( 2068): ===================>onInterceptTouchEvent():x:28.0999 y:21.306595
D/StatusBarView( 2068): ------------>action:0
D/StatusBarView( 2068): ------------->in home down
D/StatusBarView( 2068): ------------->in home down
D/StatusBarView( 2068): --->sp:false
D/StatusBarView( 2068): ===================>onInterceptTouchEvent():x:27.576508 y:20.492828
D/StatusBarView( 2068): ------------>action:2
D/StatusBarView( 2068): rLeft:730.0 rRight:1022.0 lLeft:2.0 lRight:52.0
D/StatusBarView( 2068): ===================>onInterceptTouchEvent():x:25.99733 y:19.680405
D/StatusBarView( 2068): ------------>action:2
D/StatusBarView( 2068): rLeft:730.0 rRight:1022.0 lLeft:2.0 lRight:52.0
D/StatusBarView( 2068): ===================>onInterceptTouchEvent():x:25.99733 y:19.680405
D/StatusBarView( 2068): ------------>action:1
D/StatusBarView( 2068): ------------->in home up
D/StatusBarView( 2068): ------------->in home up
I/ActivityManager( 2068): Starting activity: Intent { act=android.intent.action.MAIN cat=[android.intent.category.HOME] flg=0x10200000 cmp=org.adwfreak.launcher/.Launcher }
D/StatusBarView( 2068): --->sp:false
I/GhostCommanderActivity( 2903): Saving Instance State
V/GhostCommanderActivity( 2903): Pausing
D/dalvikvm( 2903): GC_FOR_MALLOC freed 3118 objects / 182936 bytes in 63ms
W/InputManagerService( 2068): Starting input on non-focused client com.android.internal.view.IInputMethodClient$Stub$Proxy@46028410 (uid=10069 pid=2903)
V/GhostCommanderActivity( 2903): Stopping
D/MediaScannerService( 2325): IMediaScannerService.scanFile: /mnt/sdcard/sdcard1/deb-r2.1.1568_update_zip.zip mimeType: null
D/dalvikvm( 2830): GC_EXPLICIT freed 1141 objects / 79736 bytes in 62ms
D/TmWidgetProvider( 2356): updateAppWidget appWidgetId=4
D/dalvikvm( 2325): GC_EXPLICIT freed 747 objects / 38184 bytes in 48ms
D/TmWidgetProvider( 2356): updateAppWidget appWidgetId=4
D/TmWidgetProvider( 2356): updateAppWidget appWidgetId=4
D/TmWidgetProvider( 2356): updateAppWidget appWidgetId=4
D/TmWidgetProvider( 2356): updateAppWidget appWidgetId=4
D/dalvikvm( 2813): GC_FOR_MALLOC freed 1249 objects / 312616 bytes in 54ms
D/MediaScannerService( 2325): IMediaScannerService.scanFile: /mnt/sdcard/sdcard1/deb-r2.1.1568_update_zip.zip mimeType: null
D/TmWidgetProvider( 2356): updateAppWidget appWidgetId=4
D/TmWidgetProvider( 2356): updateAppWidget appWidgetId=4
D/WindowManager( 2068): --->screenWasOff:false; flags:1114368; FLAG_TOUCHABLE_WHEN_WAKING:64
D/WindowManager( 2068): --->screenWasOff:false; flags:1114368; FLAG_TOUCHABLE_WHEN_WAKING:64
D/WindowManager( 2068): --->screenWasOff:false; flags:1114368; FLAG_TOUCHABLE_WHEN_WAKING:64
D/WindowManager( 2068): --->screenWasOff:false; flags:1114368; FLAG_TOUCHABLE_WHEN_WAKING:64
D/WindowManager( 2068): --->screenWasOff:false; flags:1114368; FLAG_TOUCHABLE_WHEN_WAKING:64
D/WindowManager( 2068): --->screenWasOff:false; flags:1114368; FLAG_TOUCHABLE_WHEN_WAKING:64
D/WindowManager( 2068): --->screenWasOff:false; flags:1114368; FLAG_TOUCHABLE_WHEN_WAKING:64
D/WindowManager( 2068): --->screenWasOff:false; flags:1114368; FLAG_TOUCHABLE_WHEN_WAKING:64
D/WindowManager( 2068): --->screenWasOff:false; flags:1114368; FLAG_TOUCHABLE_WHEN_WAKING:64
I/System.out( 2179): UPDATECOUNTERS REQUEST: com.ghostsq.commander = 0
I/System.out( 2179): UPDATINGCOUNTERS: com.ghostsq.commander = 0
I/ActivityManager( 2068): Starting activity: Intent { act=android.intent.action.MAIN cat=[android.intent.category.LAUNCHER] flg=0x10200000 cmp=com.ghostsq.commander/.FileCommander bnds=[976,224][1024,272] }
V/GhostCommanderActivity( 2903): Starting
D/TmWidgetProvider( 2356): updateAppWidget appWidgetId=4
I/GhostCommanderActivity( 2903): notify with cookie: 0Robotek_HD_1.9.apk
I/GhostCommanderActivity( 2903): notify with cookie: 1/
V/Panels ( 2903): toggle
V/Panels ( 2903): setPanelCurrent: 1
D/dalvikvm( 2356): GC_FOR_MALLOC freed 10446 objects / 527344 bytes in 190ms
V/Panels ( 2903): setPanelCurrent: 0
V/GhostCommanderActivity( 2903): Resuming
D/TmWidgetProvider( 2356): updateAppWidget appWidgetId=4
D/dalvikvm( 2179): GC_EXPLICIT freed 782 objects / 36008 bytes in 61ms
D/WindowManager( 2068): --->screenWasOff:false; flags:65792; FLAG_TOUCHABLE_WHEN_WAKING:64
D/dalvikvm( 2903): GC_EXTERNAL_ALLOC freed 7067 objects / 357152 bytes in 82ms
D/WindowManager( 2068): --->screenWasOff:false; flags:65792; FLAG_TOUCHABLE_WHEN_WAKING:64
D/WindowManager( 2068): --->screenWasOff:false; flags:65792; FLAG_TOUCHABLE_WHEN_WAKING:64
I/dalvikvm( 2903): Jit: resizing JitTable from 2048 to 4096