--------- beginning of /dev/log/system
I/Vold ( 1989): Vold 2.1 (the revenge) firing up
D/Vold ( 1989): Volume up_sdcard state changing -1 (Initializing) -> 0 (No-Media)
D/Vold ( 1989): Volume down_sdcard state changing -1 (Initializing) -> 0 (No-Media)
D/Vold ( 1989): LABEL========>up_sdcard,MOUNTPOINT========>/mnt/sdcard/sdcard1
D/Vold ( 1989): LABEL========>down_sdcard,MOUNTPOINT========>/mnt/sdcard/sdcard2
W/Vold ( 1989): No volumes handled block event for '/devices/virtual/block/ram0'
D/Vold ( 1989): LABEL========>up_sdcard,MOUNTPOINT========>/mnt/sdcard/sdcard1
D/Vold ( 1989): LABEL========>down_sdcard,MOUNTPOINT========>/mnt/sdcard/sdcard2
W/Vold ( 1989): No volumes handled block event for '/devices/virtual/block/ram1'
D/Vold ( 1989): LABEL========>up_sdcard,MOUNTPOINT========>/mnt/sdcard/sdcard1
D/Vold ( 1989): LABEL========>down_sdcard,MOUNTPOINT========>/mnt/sdcard/sdcard2
W/Vold ( 1989): No volumes handled block event for '/devices/virtual/block/ram2'
D/Vold ( 1989): LABEL========>up_sdcard,MOUNTPOINT========>/mnt/sdcard/sdcard1
D/Vold ( 1989): LABEL========>down_sdcard,MOUNTPOINT========>/mnt/sdcard/sdcard2
W/Vold ( 1989): No volumes handled block event for '/devices/virtual/block/ram3'
D/Vold ( 1989): LABEL========>up_sdcard,MOUNTPOINT========>/mnt/sdcard/sdcard1
D/Vold ( 1989): LABEL========>down_sdcard,MOUNTPOINT========>/mnt/sdcard/sdcard2
W/Vold ( 1989): No volumes handled block event for '/devices/virtual/block/ram4'
D/Vold ( 1989): LABEL========>up_sdcard,MOUNTPOINT========>/mnt/sdcard/sdcard1
D/Vold ( 1989): LABEL========>down_sdcard,MOUNTPOINT========>/mnt/sdcard/sdcard2
W/Vold ( 1989): No volumes handled block event for '/devices/virtual/block/ram5'
D/Vold ( 1989): LABEL========>up_sdcard,MOUNTPOINT========>/mnt/sdcard/sdcard1
D/Vold ( 1989): LABEL========>down_sdcard,MOUNTPOINT========>/mnt/sdcard/sdcard2
W/Vold ( 1989): No volumes handled block event for '/devices/virtual/block/ram6'
D/Vold ( 1989): LABEL========>up_sdcard,MOUNTPOINT========>/mnt/sdcard/sdcard1
D/Vold ( 1989): LABEL========>down_sdcard,MOUNTPOINT========>/mnt/sdcard/sdcard2
W/Vold ( 1989): No volumes handled block event for '/devices/virtual/block/ram7'
D/Vold ( 1989): LABEL========>up_sdcard,MOUNTPOINT========>/mnt/sdcard/sdcard1
D/Vold ( 1989): LABEL========>down_sdcard,MOUNTPOINT========>/mnt/sdcard/sdcard2
W/Vold ( 1989): No volumes handled block event for '/devices/virtual/block/ram8'
D/Vold ( 1989): LABEL========>up_sdcard,MOUNTPOINT========>/mnt/sdcard/sdcard1
D/Vold ( 1989): LABEL========>down_sdcard,MOUNTPOINT========>/mnt/sdcard/sdcard2
W/Vold ( 1989): No volumes handled block event for '/devices/virtual/block/ram9'
D/Vold ( 1989): LABEL========>up_sdcard,MOUNTPOINT========>/mnt/sdcard/sdcard1
D/Vold ( 1989): LABEL========>down_sdcard,MOUNTPOINT========>/mnt/sdcard/sdcard2
W/Vold ( 1989): No volumes handled block event for '/devices/virtual/block/ram10'
D/Vold ( 1989): LABEL========>up_sdcard,MOUNTPOINT========>/mnt/sdcard/sdcard1
D/Vold ( 1989): LABEL========>down_sdcard,MOUNTPOINT========>/mnt/sdcard/sdcard2
W/Vold ( 1989): No volumes handled block event for '/devices/virtual/block/ram11'
D/Vold ( 1989): LABEL========>up_sdcard,MOUNTPOINT========>/mnt/sdcard/sdcard1
D/Vold ( 1989): LABEL========>down_sdcard,MOUNTPOINT========>/mnt/sdcard/sdcard2
W/Vold ( 1989): No volumes handled block event for '/devices/virtual/block/ram12'
D/Vold ( 1989): LABEL========>up_sdcard,MOUNTPOINT========>/mnt/sdcard/sdcard1
D/Vold ( 1989): LABEL========>down_sdcard,MOUNTPOINT========>/mnt/sdcard/sdcard2
W/Vold ( 1989): No volumes handled block event for '/devices/virtual/block/ram13'
D/Vold ( 1989): LABEL========>up_sdcard,MOUNTPOINT========>/mnt/sdcard/sdcard1
D/Vold ( 1989): LABEL========>down_sdcard,MOUNTPOINT========>/mnt/sdcard/sdcard2
W/Vold ( 1989): No volumes handled block event for '/devices/virtual/block/ram14'
D/Vold ( 1989): LABEL========>up_sdcard,MOUNTPOINT========>/mnt/sdcard/sdcard1
D/Vold ( 1989): LABEL========>down_sdcard,MOUNTPOINT========>/mnt/sdcard/sdcard2
W/Vold ( 1989): No volumes handled block event for '/devices/virtual/block/ram15'
D/Vold ( 1989): LABEL========>up_sdcard,MOUNTPOINT========>/mnt/sdcard/sdcard1
D/Vold ( 1989): LABEL========>down_sdcard,MOUNTPOINT========>/mnt/sdcard/sdcard2
W/Vold ( 1989): No volumes handled block event for '/devices/virtual/block/loop0'
D/Vold ( 1989): LABEL========>up_sdcard,MOUNTPOINT========>/mnt/sdcard/sdcard1
D/Vold ( 1989): LABEL========>down_sdcard,MOUNTPOINT========>/mnt/sdcard/sdcard2
W/Vold ( 1989): No volumes handled block event for '/devices/virtual/block/loop1'
D/Vold ( 1989): LABEL========>up_sdcard,MOUNTPOINT========>/mnt/sdcard/sdcard1
D/Vold ( 1989): LABEL========>down_sdcard,MOUNTPOINT========>/mnt/sdcard/sdcard2
W/Vold ( 1989): No volumes handled block event for '/devices/virtual/block/loop2'
D/Vold ( 1989): LABEL========>up_sdcard,MOUNTPOINT========>/mnt/sdcard/sdcard1
D/Vold ( 1989): LABEL========>down_sdcard,MOUNTPOINT========>/mnt/sdcard/sdcard2
W/Vold ( 1989): No volumes handled block event for '/devices/virtual/block/loop3'
D/Vold ( 1989): LABEL========>up_sdcard,MOUNTPOINT========>/mnt/sdcard/sdcard1
D/Vold ( 1989): LABEL========>down_sdcard,MOUNTPOINT========>/mnt/sdcard/sdcard2
W/Vold ( 1989): No volumes handled block event for '/devices/virtual/block/loop4'
D/Vold ( 1989): LABEL========>up_sdcard,MOUNTPOINT========>/mnt/sdcard/sdcard1
D/Vold ( 1989): LABEL========>down_sdcard,MOUNTPOINT========>/mnt/sdcard/sdcard2
W/Vold ( 1989): No volumes handled block event for '/devices/virtual/block/loop5'
D/Vold ( 1989): LABEL========>up_sdcard,MOUNTPOINT========>/mnt/sdcard/sdcard1
D/Vold ( 1989): LABEL========>down_sdcard,MOUNTPOINT========>/mnt/sdcard/sdcard2
W/Vold ( 1989): No volumes handled block event for '/devices/virtual/block/loop6'
D/Vold ( 1989): LABEL========>up_sdcard,MOUNTPOINT========>/mnt/sdcard/sdcard1
D/Vold ( 1989): LABEL========>down_sdcard,MOUNTPOINT========>/mnt/sdcard/sdcard2
W/Vold ( 1989): No volumes handled block event for '/devices/virtual/block/loop7'
D/Vold ( 1989): LABEL========>up_sdcard,MOUNTPOINT========>/mnt/sdcard/sdcard1
D/Vold ( 1989): LABEL========>down_sdcard,MOUNTPOINT========>/mnt/sdcard/sdcard2
W/Vold ( 1989): No volumes handled block event for '/devices/virtual/mtd/mtd0/mtdblock0'
D/Vold ( 1989): LABEL========>up_sdcard,MOUNTPOINT========>/mnt/sdcard/sdcard1
D/Vold ( 1989): LABEL========>down_sdcard,MOUNTPOINT========>/mnt/sdcard/sdcard2
W/Vold ( 1989): No volumes handled block event for '/devices/virtual/mtd/mtd1/mtdblock1'
D/Vold ( 1989): LABEL========>up_sdcard,MOUNTPOINT========>/mnt/sdcard/sdcard1
D/Vold ( 1989): LABEL========>down_sdcard,MOUNTPOINT========>/mnt/sdcard/sdcard2
W/Vold ( 1989): No volumes handled block event for '/devices/virtual/mtd/mtd2/mtdblock2'
D/Vold ( 1989): LABEL========>up_sdcard,MOUNTPOINT========>/mnt/sdcard/sdcard1
D/Vold ( 1989): LABEL========>down_sdcard,MOUNTPOINT========>/mnt/sdcard/sdcard2
W/Vold ( 1989): No volumes handled block event for '/devices/virtual/mtd/mtd3/mtdblock3'
D/Vold ( 1989): LABEL========>up_sdcard,MOUNTPOINT========>/mnt/sdcard/sdcard1
D/Vold ( 1989): LABEL========>down_sdcard,MOUNTPOINT========>/mnt/sdcard/sdcard2
W/Vold ( 1989): No volumes handled block event for '/devices/virtual/mtd/mtd4/mtdblock4'
D/Vold ( 1989): LABEL========>up_sdcard,MOUNTPOINT========>/mnt/sdcard/sdcard1
D/Vold ( 1989): LABEL========>down_sdcard,MOUNTPOINT========>/mnt/sdcard/sdcard2
W/Vold ( 1989): No volumes handled block event for '/devices/virtual/mtd/mtd5/mtdblock5'
D/Vold ( 1989): LABEL========>up_sdcard,MOUNTPOINT========>/mnt/sdcard/sdcard1
D/Vold ( 1989): LABEL========>down_sdcard,MOUNTPOINT========>/mnt/sdcard/sdcard2
W/Vold ( 1989): No volumes handled block event for '/devices/virtual/mtd/mtd6/mtdblock6'
D/Vold ( 1989): LABEL========>up_sdcard,MOUNTPOINT========>/mnt/sdcard/sdcard1
D/Vold ( 1989): LABEL========>down_sdcard,MOUNTPOINT========>/mnt/sdcard/sdcard2
W/Vold ( 1989): No volumes handled block event for '/devices/virtual/mtd/mtd7/mtdblock7'
D/Vold ( 1989): LABEL========>up_sdcard,MOUNTPOINT========>/mnt/sdcard/sdcard1
D/DirectVolume( 1989): Dv::diskIns - waiting for 2 partitions (mask 0x6)
D/Vold ( 1989): Volume up_sdcard state changing 0 (No-Media) -> 2 (Pending)
D/Vold ( 1989): Device '/devices/platform/imapx200_sdi0.0/mmc_host/mmc0/mmc0:b368/block/mmcblk0' event handled by volume up_sdcard
D/Vold ( 1989): LABEL========>up_sdcard,MOUNTPOINT========>/mnt/sdcard/sdcard1
D/DirectVolume( 1989): Dv:partAdd: part_num = 1, minor = 1
D/DirectVolume( 1989): Dv:partAdd: pending mask now = 0x4
D/Vold ( 1989): Device '/devices/platform/imapx200_sdi0.0/mmc_host/mmc0/mmc0:b368/block/mmcblk0/mmcblk0p1' event handled by volume up_sdcard
D/Vold ( 1989): LABEL========>up_sdcard,MOUNTPOINT========>/mnt/sdcard/sdcard1
D/DirectVolume( 1989): Dv:partAdd: part_num = 2, minor = 2
D/DirectVolume( 1989): Dv:partAdd: Got all partitions - ready to rock!
D/Vold ( 1989): Volume up_sdcard state changing 2 (Pending) -> 1 (Idle-Unmounted)
D/Vold ( 1989): Device '/devices/platform/imapx200_sdi0.0/mmc_host/mmc0/mmc0:b368/block/mmcblk0/mmcblk0p2' event handled by volume up_sdcard
W/Vold ( 1989): No UMS switch available
I/SystemServer( 2068): Entered the Android system server!
I/SystemServer( 2068): Entropy Service
I/SystemServer( 2068): Power Manager
I/SystemServer( 2068): Activity Manager
I/ActivityManager( 2068): Memory class: 16
I/SystemServer( 2068): Telephony Registry
I/SystemServer( 2068): Package Manager
I/Installer( 2068): connecting...
W/PackageManager( 2068): Library not found: /system/framework/com.google.android.datamessaging.jar
W/PackageManager( 2068): *************************************************
W/PackageManager( 2068): Application package com.google.android.apps.maps already installed. Skipping duplicate.
W/PackageManager( 2068): *************************************************
W/PackageManager( 2068): *************************************************
W/PackageManager( 2068): Application package com.adobe.flashplayer already installed. Skipping duplicate.
W/PackageManager( 2068): *************************************************
I/PackageManager( 2068): Time to scan packages: 22.789 seconds
W/PackageManager( 2068): Unknown permission android.permission.ADD_SYSTEM_SERVICE in package com.android.phone
W/PackageManager( 2068): Unknown permission net.dinglisch.android.tasker.PERMISSION_RUN_TASKS in package com.jim2
W/PackageManager( 2068): Unknown permission android.permission.ACCESS_WIMAX_STATE in package com.jim2
W/PackageManager( 2068): Unknown permission android.permission.CHANGE_WIMAX_STATE in package com.jim2
W/PackageManager( 2068): Unknown permission android.webkit.permission.PLUGIN in package com.adobe.flashplayer
W/PackageManager( 2068): Unknown permission com.android.providers.im.permission.READ_ONLY in package com.google.android.apps.maps
W/PackageManager( 2068): Unknown permission com.google.android.pushmessaging.permission.RECEIVE in package com.google.android.apps.maps
W/PackageManager( 2068): Unknown permission com.google.android.apps.googlevoice.permission.AUTO_SEND in package com.google.android.voicesearch
W/PackageManager( 2068): Unknown permission android.permission.SEND in package com.android.vending
I/SystemServer( 2068): Account Manager
I/SystemServer( 2068): Content Manager
I/SystemServer( 2068): System Content Providers
I/SystemServer( 2068): Battery Service
I/SystemServer( 2068): Lights Service
I/SystemServer( 2068): Vibrator Service
I/SystemServer( 2068): Alarm Manager
I/SystemServer( 2068): Init Watchdog
I/SystemServer( 2068): Sensor Service
I/SystemServer( 2068): Window Manager
I/WindowManager( 2068): USE_HW_CURSOR:true
I/KeyInputQueue( 2068): Device added: id=0x0, name=gpio-keys, classes=1
I/TS ( 2068): readCalibrate!
I/TS ( 2068): readCalibrate done!
I/KeyInputQueue( 2068): Device added: id=0x10000, name=ADS7846 Touchscreen, classes=4
I/KeyInputQueue( 2068): X: min=0 max=4095 flat=0 fuzz=0
I/KeyInputQueue( 2068): Y: min=0 max=4095 flat=0 fuzz=0
I/KeyInputQueue( 2068): Pressure: min=0 max=1400 flat=0 fuzz=0
I/KeyInputQueue( 2068): Size: unknown values
I/TS ( 2068): readCalibrate!
I/TS ( 2068): readCalibrate done!
I/KeyInputQueue( 2068): No virtual keys found
I/SystemServer( 2068): Bluetooth Service
I/SystemServer( 2068): Device Policy
I/SystemServer( 2068): Status Bar
I/SystemServer( 2068): Clipboard Service
I/SystemServer( 2068): Input Method Service
I/InputManagerService( 2068): Enabled input methods: com.android.inputmethod.latin/.LatinIME:ru.androidteam.rukeyboard2/.latin.LatinIME
I/SystemServer( 2068): NetStat Service
I/SystemServer( 2068): NetworkManagement Service
I/SystemServer( 2068): Connectivity Service
V/ConnectivityService( 2068): ConnectivityService starting up
E/ConnectivityService( 2068): Error in radioAttributes - ignoring attempt to define type 2
D/ConnectivityService( 2068): getMobileDataEnabled returning false
D/ConnectivityService( 2068): tearing down Mobile networks due to setting
D/ConnectivityService( 2068): tearing down Mobile networks due to setting
D/ConnectivityService( 2068): tearing down Mobile networks due to setting
V/ConnectivityService( 2068): Starting Ethernet Service.
I/EthernetService( 2068): Ethernet dev enabled 2
V/EthernetService( 2068): device 0 name eth0
I/EthernetManager( 2068): Init Ethernet Manager, service: com.android.server.EthernetService@45ff0208
V/ConnectivityService( 2068): Starting Wifi Service.
I/WifiService( 2068): WifiService starting up with Wi-Fi enabled
D/ConnectivityService( 2068): tearing down Mobile networks due to setting
D/NetworkManagmentService( 2068): Registering observer
I/SystemServer( 2068): HOTKEY Service
I/SystemServer( 2068): Throttle Service
I/SystemServer( 2068): Accessibility Manager
I/SystemServer( 2068): Mount Service
D/VoldConnector( 2068): SND -> {volume list} {null}
D/VoldCmdListener( 1989): volume list
D/VoldConnector( 2068): RCV <- {110 up_sdcard /mnt/sdcard/sdcard1 1}
D/VoldConnector( 2068): RSP <- {110 up_sdcard /mnt/sdcard/sdcard1 1}
D/VoldConnector( 2068): RCV <- {110 down_sdcard /mnt/sdcard/sdcard2 0}
D/VoldConnector( 2068): RSP <- {110 down_sdcard /mnt/sdcard/sdcard2 0}
D/VoldConnector( 2068): RCV <- {200 Volumes listed.}
D/VoldConnector( 2068): RSP <- {200 Volumes listed.}
D/VoldConnector( 2068): List terminated with {200 Volumes listed.}
I/MountService( 2068): Updating valid state unmounted
I/MountService( 2068): Updating valid state removed
W/MountService( 2068): Duplicate state transition (removed -> removed) on /mnt/sdcard/sdcard2
I/SystemServer( 2068): Notification Manager
I/SystemServer( 2068): Device Storage Monitor
D/VoldConnector( 2068): SND -> {share status ums} {null}
D/VoldCmdListener( 1989): share status ums
D/VoldConnector( 2068): RCV <- {210 Share unavailable}
D/VoldConnector( 2068): RSP <- {210 Share unavailable}
I/SystemServer( 2068): Location Manager
I/SystemServer( 2068): Search Service
I/SystemServer( 2068): DropBox Service
I/SystemServer( 2068): Wallpaper Service
I/SystemServer( 2068): Audio Service
I/SystemServer( 2068): Headset Observer
W/HeadsetObserver( 2068): This kernel does not have wired headset support
I/SystemServer( 2068): Dock Observer
W/DockObserver( 2068): This kernel does not have dock station support
I/SystemServer( 2068): UI Mode Manager Service
D/NetdConnector( 2068): RCV <- {600 Iface added wlan0}
I/SystemServer( 2068): Backup Service
V/BackupManagerService( 2068): No ancestral data
I/BackupManagerService( 2068): Found stale backup journal, scheduling:
I/BackupManagerService( 2068): + org.connectbot
I/BackupManagerService( 2068): + com.android.browser
I/BackupManagerService( 2068): + com.android.providers.settings
I/BackupManagerService( 2068): + com.android.inputmethod.latin
I/BackupManagerService( 2068): + com.android.providers.userdictionary
I/BackupManagerService( 2068): + ru.androidteam.rukeyboard2
I/BackupManagerService( 2068): + android
I/BackupManagerService( 2068): + com.android.vending
I/BackupManagerService( 2068): + com.taptu.streams
I/BackupManagerService( 2068): Backup enabled => false
I/SystemServer( 2068): AppWidget Service
I/SystemServer( 2068): Recognition Service
D/VoldConnector( 2068): SND -> {share status ums} {null}
D/VoldCmdListener( 1989): share status ums
D/VoldConnector( 2068): RCV <- {210 Share unavailable}
D/VoldConnector( 2068): RSP <- {210 Share unavailable}
D/StorageNotification( 2068): Startup with UMS connection false (media state mounted)
I/SystemServer( 2068): DiskStats Service
I/SystemServer( 2068): Activate Service
W/DevicePolicyManagerService( 2068): failed parsing /data/system/device_policies.xml java.io.FileNotFoundException: /data/system/device_policies.xml (No such file or directory)
I/ActivityManager( 2068): Config changed: { scale=1.0 imsi=0/0 loc=ru_RU touch=3 keys=1/1/2 nav=1/1 orien=2 layout=35 uiMode=0 seq=1}
I/WindowManager( 2068): set initial position for hwcursor!
I/WindowManager( 2068): use ARGB success!
D/PowerManagerService( 2068): system ready!
I/ActivityManager( 2068): Sending system update to: ComponentInfo{com.android.providers.contacts/com.android.providers.contacts.ContactsUpgradeReceiver}
I/ActivityManager( 2068): Sending system update to: ComponentInfo{com.android.providers.calendar/com.android.providers.calendar.CalendarUpgradeReceiver}
W/StatusBar( 2068): No icon ID for slot ime
I/ActivityManager( 2068): Start proc android.process.acore for broadcast com.android.providers.contacts/.ContactsUpgradeReceiver: pid=2146 uid=10003 gids={3003, 1015}
I/ActivityManager( 2068): Launching preboot mode app: ProcessRecord{462919a8 2146:android.process.acore/10003}
I/ActivityManager( 2068): Start proc com.android.providers.calendar for broadcast com.android.providers.calendar/.CalendarUpgradeReceiver: pid=2152 uid=10052 gids={3003}
I/ActivityManager( 2068): Launching preboot mode app: ProcessRecord{4610edc8 2152:com.android.providers.calendar/10052}
D/StatusBar( 2068): DISABLE_EXPAND: yes
I/ActivityManager( 2068): Removing system update proc: ProcessRecord{462919a8 2146:android.process.acore/10003}
I/ActivityManager( 2068): Removing system update proc: ProcessRecord{4610edc8 2152:com.android.providers.calendar/10052}
I/ActivityManager( 2068): System now ready
I/SystemServer( 2068): Making services ready
I/ActivityManager( 2068): Config changed: { scale=1.0 imsi=0/0 loc=ru_RU touch=3 keys=1/1/2 nav=1/1 orien=2 layout=35 uiMode=17 seq=2}
D/WatchDog( 2068): ----a------->IInputMethdoManager:mService:true
I/ActivityManager( 2068): Start proc ru.androidteam.rukeyboard2 for service ru.androidteam.rukeyboard2/.latin.LatinIME: pid=2164 uid=10070 gids={}
D/NetworkManagmentService( 2068): Registering observer
E/ThrottleService( 2068): Could not open GPS configuration file /etc/gps.conf
I/ActivityManager( 2068): Start proc com.android.phone for added application com.android.phone: pid=2168 uid=1001 gids={3002, 3001, 3003, 1015}
I/ActivityManager( 2068): Starting activity: Intent { act=android.intent.action.MAIN cat=[android.intent.category.HOME] flg=0x10000000 cmp=org.adwfreak.launcher/.Launcher }
D/NetdConnector( 2068): SND -> {interface readrxcounter rmnet0} {null}
D/NetdConnector( 2068): RCV <- {216 0}
D/NetdConnector( 2068): RSP <- {216 0}
D/NetdConnector( 2068): SND -> {interface readtxcounter rmnet0} {null}
D/NetdConnector( 2068): RCV <- {217 0}
D/NetdConnector( 2068): RSP <- {217 0}
I/ActivityManager( 2068): Start proc org.adwfreak.launcher for activity org.adwfreak.launcher/.Launcher: pid=2179 uid=10065 gids={1015}
D/NetdConnector( 2068): SND -> {interface setthrottle rmnet0 -1 -1} {null}
I/ActivityManager( 2068): Start proc com.android.settings for broadcast com.android.settings/.widget.SettingsAppWidgetProvider: pid=2188 uid=1000 gids={3002, 3001, 3003}
D/NetdConnector( 2068): RCV <- {200 Interface throttling set}
D/NetdConnector( 2068): RSP <- {200 Interface throttling set}
W/ActivityManager( 2068): Unable to start service Intent { act=@0 }: not found
D/ConnectivityService( 2068): ConnectivityChange for WIFI: DISCONNECTED/SCANNING
W/ActivityManager( 2068): Unable to start service Intent { act=@0 }: not found
D/ConnectivityService( 2068): getMobileDataEnabled returning false
D/ConnectivityService( 2068): not failing over to mobile type 0 because Mobile Data Disabled
D/ConnectivityService( 2068): not failing over to mobile type 2 because Mobile Data Disabled
D/ConnectivityService( 2068): not failing over to mobile type 3 because Mobile Data Disabled
D/ConnectivityService( 2068): not failing over to mobile type 5 because Mobile Data Disabled
I/ActivityManager( 2068): Start proc com.jim2 for broadcast com.jim2/.SwitcherProviderLarge: pid=2211 uid=10082 gids={3002, 3001, 1006, 1015}
D/ConnectivityService( 2068): getMobileDataEnabled returning false
I/ActivityManager( 2068): Start proc android.process.acore for content provider com.android.providers.contacts/.CallLogProvider: pid=2225 uid=10003 gids={3003, 1015}
W/ActivityManager( 2068): Unable to start service Intent { act=com.android.ussd.IExtendedNetworkService }: not found
E/EthernetStateTracker( 2068): DhcpHandler: DHCP request failed: DHCP result was failed
I/ActivityManager( 2068): Start proc cn.miren.browser for broadcast cn.miren.browser/.widget.BrowserWidgetProvider: pid=2236 uid=10074 gids={3003, 1015}
D/ConnectivityService( 2068): ConnectivityChange for WIFI: CONNECTING/CONNECTING
D/ConnectivityService( 2068): Dropping ConnectivityChange for WIFI: CONNECTING/OBTAINING_IPADDR
E/AndroidRuntime( 2236): FATAL EXCEPTION: main
E/AndroidRuntime( 2236): java.lang.RuntimeException: Unable to create application cn.miren.browser.Browser: java.lang.IllegalArgumentException
E/AndroidRuntime( 2236): at android.app.ActivityThread.handleBindApplication(ActivityThread.java:4247)
E/AndroidRuntime( 2236): at android.app.ActivityThread.access$3000(ActivityThread.java:125)
E/AndroidRuntime( 2236): at android.app.ActivityThread$H.handleMessage(ActivityThread.java:2071)
E/AndroidRuntime( 2236): at android.os.Handler.dispatchMessage(Handler.java:99)
E/AndroidRuntime( 2236): at android.os.Looper.loop(Looper.java:123)
E/AndroidRuntime( 2236): at android.app.ActivityThread.main(ActivityThread.java:4627)
E/AndroidRuntime( 2236): at java.lang.reflect.Method.invokeNative(Native Method)
E/AndroidRuntime( 2236): at java.lang.reflect.Method.invoke(Method.java:521)
E/AndroidRuntime( 2236): at com.android.internal.os.ZygoteInit$MethodAndArgsCaller.run(ZygoteInit.java:868)
E/AndroidRuntime( 2236): at com.android.internal.os.ZygoteInit.main(ZygoteInit.java:626)
E/AndroidRuntime( 2236): at dalvik.system.NativeStart.main(Native Method)
E/AndroidRuntime( 2236): Caused by: java.lang.IllegalArgumentException
E/AndroidRuntime( 2236): at android.os.StatFs.native_setup(Native Method)
E/AndroidRuntime( 2236): at android.os.StatFs.(StatFs.java:32)
E/AndroidRuntime( 2236): at cn.miren.browser.controller.WebStorageSizeManager$StatFsDiskInfo.(WebStorageSizeManager.java:136)
E/AndroidRuntime( 2236): at cn.miren.browser.controller.BrowserSettings.loadFromDb(BrowserSettings.java:455)
E/AndroidRuntime( 2236): at cn.miren.browser.controller.BrowserSettings$BrowserSettingsHigherVersion.loadFromDb(BrowserSettings.java:397)
E/AndroidRuntime( 2236): at cn.miren.browser.Browser.onCreate(Browser.java:31)
E/AndroidRuntime( 2236): at android.app.Instrumentation.callApplicationOnCreate(Instrumentation.java:969)
E/AndroidRuntime( 2236): at android.app.ActivityThread.handleBindApplication(ActivityThread.java:4244)
E/AndroidRuntime( 2236): ... 10 more
I/ActivityManager( 2068): Start proc com.google.android.gm for broadcast com.google.android.gm/.downloadprovider.DownloadReceiver: pid=2271 uid=10022 gids={3003, 1015}
I/ActivityManager( 2068): Start proc com.google.process.gapps for on-hold: pid=2277 uid=10002 gids={3003, 2001, 1007}
D/PowerManagerService( 2068): bootCompleted
D/NetdConnector( 2068): SND -> {interface list} {null}
D/NetdConnector( 2068): RCV <- {110 lo}
D/NetdConnector( 2068): RCV <- {110 eth0}
D/NetdConnector( 2068): RSP <- {110 lo}
D/NetdConnector( 2068): RSP <- {110 eth0}
D/NetdConnector( 2068): RCV <- {110 wlan0}
D/NetdConnector( 2068): RCV <- {200 Interface list completed}
D/NetdConnector( 2068): RSP <- {110 wlan0}
D/NetdConnector( 2068): RSP <- {200 Interface list completed}
D/NetdConnector( 2068): List terminated with {200 Interface list completed}
I/MountService( 2068): doMountVolume: Mouting /mnt/sdcard/sdcard1
D/VoldConnector( 2068): SND -> {volume mount /mnt/sdcard/sdcard1} {null}
D/VoldCmdListener( 1989): volume mount /mnt/sdcard/sdcard1
I/Vold ( 1989): /dev/block/vold/179:1 being considered for volume up_sdcard
D/Vold ( 1989): Volume up_sdcard state changing 1 (Idle-Unmounted) -> 3 (Checking)
D/VoldConnector( 2068): RCV <- {605 Volume up_sdcard /mnt/sdcard/sdcard1 state changed from 1 (Idle-Unmounted) to 3 (Checking)}
I/MountService( 2068): onEvent:: raw= 605 Volume up_sdcard /mnt/sdcard/sdcard1 state changed from 1 (Idle-Unmounted) to 3 (Checking) cooked = 605 Volume up_sdcard /mnt/sdcard/sdcard1 state changed from 1 (Idle-Unmounted) to 3 (Checking)
I/MountService( 2068): notifyVolumeStateChanged::unmounted
I/MountService( 2068): updating volume state checking
I/StorageNotification( 2068): Media {/mnt/sdcard/sdcard1} state changed from {unmounted} -> {checking}
I/Vold ( 1989): Filesystem check completed OK
I/Vold ( 1989): Device /dev/block/vold/179:1, target /mnt/sdcard/sdcard1 mounted @ /mnt/secure/staging
D/Vold ( 1989): Volume up_sdcard state changing 3 (Checking) -> 4 (Mounted)
D/VoldConnector( 2068): RCV <- {605 Volume up_sdcard /mnt/sdcard/sdcard1 state changed from 3 (Checking) to 4 (Mounted)}
I/MountService( 2068): onEvent:: raw= 605 Volume up_sdcard /mnt/sdcard/sdcard1 state changed from 3 (Checking) to 4 (Mounted) cooked = 605 Volume up_sdcard /mnt/sdcard/sdcard1 state changed from 3 (Checking) to 4 (Mounted)
I/MountService( 2068): notifyVolumeStateChanged::checking
I/MountService( 2068): updating volume state mounted
D/VoldConnector( 2068): RCV <- {200 volume operation succeeded}
D/VoldConnector( 2068): RSP <- {200 volume operation succeeded}
D/VoldConnector( 2068): SND -> {asec list} {null}
D/VoldCmdListener( 1989): asec list
D/VoldConnector( 2068): RCV <- {200 asec operation succeeded}
D/VoldConnector( 2068): RSP <- {200 asec operation succeeded}
D/VoldConnector( 2068): List terminated with {200 asec operation succeeded}
I/StorageNotification( 2068): Media {/mnt/sdcard/sdcard1} state changed from {checking} -> {mounted}
W/PackageManager( 2068): Unknown permission android.permission.ADD_SYSTEM_SERVICE in package com.android.phone
W/PackageManager( 2068): Unknown permission net.dinglisch.android.tasker.PERMISSION_RUN_TASKS in package com.jim2
W/PackageManager( 2068): Unknown permission android.permission.ACCESS_WIMAX_STATE in package com.jim2
W/PackageManager( 2068): Unknown permission android.permission.CHANGE_WIMAX_STATE in package com.jim2
W/PackageManager( 2068): Unknown permission android.webkit.permission.PLUGIN in package com.adobe.flashplayer
W/PackageManager( 2068): Unknown permission com.android.providers.im.permission.READ_ONLY in package com.google.android.apps.maps
W/PackageManager( 2068): Unknown permission com.google.android.pushmessaging.permission.RECEIVE in package com.google.android.apps.maps
W/PackageManager( 2068): Unknown permission com.google.android.apps.googlevoice.permission.AUTO_SEND in package com.google.android.voicesearch
W/PackageManager( 2068): Unknown permission android.permission.SEND in package com.android.vending
D/WindowManager( 2068): --->screenWasOff:false; flags:269617152; FLAG_TOUCHABLE_WHEN_WAKING:64
W/ActivityManager( 2068): Activity idle timeout for HistoryRecord{46143c80 org.adwfreak.launcher/.Launcher}
I/WindowManager( 2068): Timeout waiting for wallpaper to offset: Window{4612d140 com.android.internal.service.wallpaper.ImageWallpaper paused=false}
D/ConnectivityService( 2068): ConnectivityChange for WIFI: CONNECTED/CONNECTED
D/ConnectivityService( 2068): adding dns 192.168.1.1 for WIFI
D/ConnectivityService( 2068): adding dns 89.184.0.129 for WIFI
I/ActivityManager( 2068): Start proc android.process.media for broadcast com.android.providers.downloads/.DownloadReceiver: pid=2325 uid=10004 gids={1015, 2001, 3003}
D/WifiWatchdogService( 2068): (android.server.ServerThread) Onil (48:5b:39:bc:11:d3) does not require the watchdog
I/WindowManager( 2068): Setting rotation to 3, animFlags=0
I/ActivityManager( 2068): Config changed: { scale=1.0 imsi=0/0 loc=ru_RU touch=3 keys=1/1/2 nav=1/1 orien=1 layout=35 uiMode=17 seq=3}
I/UsageStats( 2068): Unexpected resume of org.adwfreak.launcher while already resumed in org.adwfreak.launcher --------- beginning of /dev/log/main
D/dalvikvm( 2179): GC_EXTERNAL_ALLOC freed 14915 objects / 943472 bytes in 492ms
W/WindowManager( 2068): Window freeze timeout expired.
W/WindowManager( 2068): Force clearing orientation change: Window{46002938 StatusBar paused=false}
W/WindowManager( 2068): Force clearing orientation change: Window{4627f668 StatusBarExpanded paused=false}
I/WindowManager( 2068): Setting rotation to 0, animFlags=0
I/ActivityManager( 2068): Config changed: { scale=1.0 imsi=0/0 loc=ru_RU touch=3 keys=1/1/2 nav=1/1 orien=2 layout=35 uiMode=17 seq=4}
I/UsageStats( 2068): Unexpected resume of org.adwfreak.launcher while already resumed in org.adwfreak.launcher
D/======================>WindowManager( 2068): display size when orientation changed--->display.width:1024; display.height:600
D/dalvikvm( 2068): GC_EXTERNAL_ALLOC freed 9307 objects / 553424 bytes in 178ms
D/HomeLoaders( 2179): aborting loaders
D/dalvikvm( 2068): GC_EXPLICIT freed 2721 objects / 135088 bytes in 150ms
D/dalvikvm( 2179): GC_EXPLICIT freed 11842 objects / 767632 bytes in 438ms
D/dalvikvm( 2068): GC_EXTERNAL_ALLOC freed 2547 objects / 143384 bytes in 254ms
D/GTalkService( 2277): [GTalkConnection.13] init
D/GTalkService( 2277): [GTalkConnection.14] init
W/WindowManager( 2068): App freeze timeout expired.
W/WindowManager( 2068): Force clearing freeze: AppWindowToken{4603b860 token=HistoryRecord{46143c80 org.adwfreak.launcher/.Launcher}}
D/HomeLoaders( 2179): load applications
D/HomeLoaders( 2179): --> applications loaded, return
D/HomeLoaders( 2179): loading user items in Thread[main,5,main]
D/HomeLoaders( 2179): --> items loaded, return
D/HomeLoaders( 2179): --> loading from cache: 11, 2
D/Launcher( 2179): ------> binding 11 items
D/Launcher( 2179): ------> binding 2 widgets
D/Launcher( 2179): ------> start binding items
D/LAUNCHER( 2179): ORDER=[2,3,4,5,11,6,7,12,9,10]
D/dalvikvm( 2179): GC_EXTERNAL_ALLOC freed 1553 objects / 86552 bytes in 57ms
D/dalvikvm( 2068): GC_EXTERNAL_ALLOC freed 1435 objects / 82760 bytes in 182ms
D/dalvikvm( 2068): GC_EXPLICIT freed 58 objects / 1888 bytes in 172ms
D/WindowManager( 2068): --->screenWasOff:false; flags:1610743810; FLAG_TOUCHABLE_WHEN_WAKING:64
D/dalvikvm( 2068): GC_EXTERNAL_ALLOC freed 161 objects / 6136 bytes in 186ms
I/Process ( 2236): Sending signal. PID: 2236 SIG: 9
I/ActivityManager( 2068): Process cn.miren.browser (pid 2236) has died.
I/ActivityManager( 2068): Start proc com.android.vending for broadcast com.android.vending/.DeviceConfigurationReceiver: pid=2346 uid=10041 gids={1015, 3003}
D/dalvikvm( 2179): GC_EXTERNAL_ALLOC freed 407 objects / 18856 bytes in 168ms
D/dalvikvm( 2068): GC_EXPLICIT freed 372 objects / 18832 bytes in 177ms
D/GTalkService( 2277): [GTalkService.13] createConnection(check #2): connection exists, drop newly created connection
I/ActivityThread( 2346): Publishing provider com.android.vending.SuggestionsProvider: com.android.vending.SuggestionsProvider
D/dalvikvm( 2068): GC_EXTERNAL_ALLOC freed 126 objects / 5184 bytes in 147ms
D/dalvikvm( 2068): GC_EXPLICIT freed 56 objects / 2536 bytes in 184ms
D/vending ( 2346): [1] VendingApplication.onCreate(): Resetting ServiceLocator from app
W/Process ( 2068): Unable to open /proc/2236/status
D/dalvikvm( 2179): GC_EXTERNAL_ALLOC freed 4347 objects / 279024 bytes in 116ms
D/vending ( 2346): [9] 1.run(): Clearing cache in response to android.intent.action.SIM_STATE_CHANGED
I/dalvikvm( 2068): Jit: resizing JitTable from 2048 to 4096
D/dalvikvm( 2346): GC_FOR_MALLOC freed 2053 objects / 134240 bytes in 173ms
I/ActivityManager( 2068): Start proc com.estrongs.android.taskmanager for broadcast com.estrongs.android.taskmanager/.AutoStartReceiver: pid=2356 uid=10035 gids={3003, 1015}
I/ActivityThread( 2356): Publishing provider com.estrongs.android.provider.taskmanager: com.estrongs.android.taskmanager.TaskManagerProvider
I/ActivityManager( 2068): Start proc com.android.providers.calendar for broadcast com.android.providers.calendar/.CalendarReceiver: pid=2363 uid=10052 gids={3003}
I/RecoverySystem( 2068): No recovery log file
I/ActivityThread( 2363): Publishing provider com.android.calendar: com.android.providers.calendar.CalendarProvider2
D/dalvikvm( 2179): GC_EXTERNAL_ALLOC freed 101 objects / 5136 bytes in 419ms
I/ActivityManager( 2068): Start proc com.acer.tasks for broadcast com.android.deskclock/.AlarmInitReceiver: pid=2373 uid=10051 gids={}
I/ActivityThread( 2373): Publishing provider com.android.deskclock: com.android.deskclock.AlarmProvider
I/ActivityManager( 2068): Start proc com.android.email for broadcast com.android.email/com.android.exchange.BootReceiver: pid=2383 uid=10036 gids={3003, 1015}
D/MediaScannerService( 2325): start scanning volume internal
D/MediaScannerService( 2325): org.adwfreak.launcher
D/MediaScannerService( 2325): org.adwfreak.launcher.Launcher
D/Calendar( 2363): missed alarms found: 0
I/ActivityThread( 2383): Publishing provider com.android.email.provider: com.android.email.provider.EmailProvider
I/ActivityThread( 2383): Publishing provider com.android.email.attachmentprovider: com.android.email.provider.AttachmentProvider
I/ActivityThread( 2383): Publishing provider com.android.exchange.provider: com.android.exchange.provider.ExchangeProvider
D/Exchange( 2383): BootReceiver onReceive
I/ActivityManager( 2068): Start proc com.google.android.apps.maps:FriendService for broadcast com.google.android.apps.maps/com.google.googlenav.friend.android.ServiceReceiver: pid=2393 uid=10029 gids={3003, 1015}
D/EAS SyncManager( 2383): !!! EAS SyncManager, onCreate
D/EAS SyncManager( 2383): !!! EAS SyncManager, onStartCommand
D/EAS SyncManager( 2383): !!! EAS SyncManager, stopping self
D/Eas Debug( 2383): Logging:
D/EAS SyncManager( 2383): !!! EAS SyncManager, onDestroy
D/MediaScanner( 2325): prescan time: 709ms
D/MediaScanner( 2325): scan time: 251ms
D/MediaScanner( 2325): postscan time: 33ms
D/MediaScanner( 2325): total time: 993ms
D/MediaScannerService( 2325): done scanning volume internal
I/EventLogService( 2277): Aggregate from 1307382096704 (log), 1307382096704 (data)
D/GoogleLoginService( 2277): onBind: Intent { act=android.accounts.AccountAuthenticator cmp=com.google.android.gsf/.loginservice.GoogleLoginService }
I/ActivityManager( 2068): Starting activity: Intent { flg=0x10000000 cmp=com.google.android.gsf/.update.SystemUpdateInstallDialog }
W/MessageQueue( 2271): Handler{4607ac68} sending message to a Handler on a dead thread
W/MessageQueue( 2271): java.lang.RuntimeException: Handler{4607ac68} sending message to a Handler on a dead thread
W/MessageQueue( 2271): at android.os.MessageQueue.enqueueMessage(MessageQueue.java:179)
W/MessageQueue( 2271): at android.os.Handler.sendMessageAtTime(Handler.java:457)
W/MessageQueue( 2271): at android.os.Handler.sendMessageDelayed(Handler.java:430)
W/MessageQueue( 2271): at android.os.Handler.post(Handler.java:248)
W/MessageQueue( 2271): at android.accounts.AccountManager$BaseFutureTask.postRunnableToHandler(AccountManager.java:1305)
W/MessageQueue( 2271): at android.accounts.AccountManager$Future2Task.done(AccountManager.java:1353)
W/MessageQueue( 2271): at java.util.concurrent.FutureTask$Sync.innerSet(FutureTask.java:252)
W/MessageQueue( 2271): at java.util.concurrent.FutureTask.set(FutureTask.java:112)
W/MessageQueue( 2271): at android.accounts.AccountManager$BaseFutureTask.access$700(AccountManager.java:1285)
W/MessageQueue( 2271): at android.accounts.AccountManager$BaseFutureTask$Response.onResult(AccountManager.java:1323)
W/MessageQueue( 2271): at android.accounts.IAccountManagerResponse$Stub.onTransact(IAccountManagerResponse.java:59)
W/MessageQueue( 2271): at android.os.Binder.execTransact(Binder.java:288)
W/MessageQueue( 2271): at dalvik.system.NativeStart.run(Native Method)
I/GTalkService( 2277): [ServiceAutoStarter] --- received boot intent broadcast
I/ActivityManager( 2068): Start proc com.android.theatremodeserviceIPC for broadcast com.android.theatremodeserviceIPC/.TheatreModeServiceStartReceiver: pid=2408 uid=10010 gids={}
D/dalvikvm( 2277): GC_FOR_MALLOC freed 5505 objects / 395424 bytes in 101ms
I/TheatreModeService( 2408): TheatreModeService is started.
I/ActivityManager( 2068): Start proc com.android.theatremodeserviceIPC:remote for service com.android.theatremodeserviceIPC/.TheatreModeServiceIPC: pid=2414 uid=10010 gids={}
D/dalvikvm( 1993): GC_EXPLICIT freed 278 objects / 10544 bytes in 225ms
D/dalvikvm( 1993): GC_EXPLICIT freed 42 objects / 1848 bytes in 163ms
D/dalvikvm( 1993): GC_EXPLICIT freed 2 objects / 64 bytes in 44ms
I/ActivityManager( 2068): Start proc com.android.hdmiserviceIPC for broadcast com.android.hdmiserviceIPC/.HDMIServiceStartReceiver: pid=2422 uid=10008 gids={}
W/InputManagerService( 2068): Window already focused, ignoring focus gain of: com.android.internal.view.IInputMethodClient$Stub$Proxy@45e7efb8
D/TheatreModeServiceIPC( 2414): TModeRunnable Thread is starting from now on. ^_^
I/NativeIPCforHDMIService.cpp( 2414): JNI_OnLoad
E/NativeIPCforHDMIService.cpp( 2414): JNICALL Java_com_android_theatremodeserviceIPC_NativeIPC_sync_init return 0
I/HDMIService( 2422): HDMIService is started.
I/ActivityManager( 2068): Start proc com.android.hdmiserviceIPC:remote for service com.android.hdmiserviceIPC/.HDMIServiceIPC: pid=2429 uid=10008 gids={}
I/ActivityManager( 2068): Start proc com.skype.raider for broadcast com.skype.raider/.receiver.StartupManager: pid=2431 uid=10006 gids={3003, 1015}
D/HDMIServiceIPC( 2429): PlugInRunnable Thread is starting from now on. ^_^
D/HDMIServiceIPC( 2429): PlugOutRunnable Thread is starting from now on. ^_^
I/NativeIPCforHDMIService.cpp( 2429): JNI_OnLoad
E/NativeIPCforHDMIService.cpp( 2429): JNICALL Java_com_android_hdmiserviceIPC_NativeIPC_sync_init return 0
E/NativeIPCforHDMIService.cpp( 2429): JNICALL Java_com_android_hdmiserviceIPC_NativeIPC_sync_init return 0
D/dalvikvm( 2431): GC_FOR_MALLOC freed 2046 objects / 139368 bytes in 59ms
I/ActivityManager( 2068): Start proc az.mecid.atodo for broadcast az.mecid.atodo/.broadcast.ToDoReciever: pid=2443 uid=10080 gids={3003}
I/ActivityManager( 2068): Start proc com.keramidas.TitaniumBackup for broadcast com.keramidas.TitaniumBackup/.schedules.BootReceiver: pid=2450 uid=10017 gids={1015, 3003} I/com.keramidas.TitaniumBackup.MainApplication( 2450): onCreate()
W/Settings( 2450): Setting android_id has moved from android.provider.Settings.System to android.provider.Settings.Secure, returning read-only value.
D/com.keramidas.TitaniumBackup.j.d( 2450): Debug features are disabled.
I/com.keramidas.TitaniumBackup.i.a( 2450): restoreMySettings_ifNeeded()
I/com.keramidas.TitaniumBackup.i.a( 2450): Internal settings found => No need to restore.
D/dalvikvm( 2450): GC_FOR_MALLOC freed 4858 objects / 377032 bytes in 57ms
W/Resources( 2450): Converting to string: TypedValue{t=0x10/d=0x0 a=-1}
W/Resources( 2450): Converting to string: TypedValue{t=0x10/d=0x80 a=-1}
W/Resources( 2450): Converting to string: TypedValue{t=0x10/d=0x3 a=-1}
W/Resources( 2450): Converting to string: TypedValue{t=0x10/d=0x1 a=-1}
W/Resources( 2450): Converting to string: TypedValue{t=0x10/d=0x3 a=-1} I/com.keramidas.TitaniumBackup.MainApplication( 2450): Starting scheduler service ... I/com.keramidas.TitaniumBackup.schedules.BootReceiver( 2450): Boot completed => Starting scheduler service ... I/com.keramidas.TitaniumBackup.schedules.SchedulerService( 2450): onCreate() I/com.keramidas.TitaniumBackup.schedules.SchedulerService( 2450): scheduleNextWakeup(): Invoked with idToExcludeForToday=null
I/ActivityManager( 2068): Start proc cn.miren.browser for broadcast cn.miren.browser/.widget.BrowserWidgetProvider: pid=2458 uid=10074 gids={3003, 1015} I/com.keramidas.TitaniumBackup.schedules.SchedulerService( 2450): scheduleNextWakeup(): No next wakeup scheduled. I/com.keramidas.TitaniumBackup.schedules.SchedulerService( 2450): onStart() I/com.keramidas.TitaniumBackup.schedules.SchedulerService( 2450): onStart() I/com.keramidas.TitaniumBackup.schedules.SchedulerService( 2450): onDestroy()
I/ActivityThread( 2458): Publishing provider miren_browser_rss: cn.miren.browser.model.RssFeedsContentProvider
I/ActivityThread( 2458): Publishing provider miren_browser_suggest: cn.miren.browser.model.MiRenUrlDataProvider
I/ActivityThread( 2458): Publishing provider cn.miren.baidu_suggestion: cn.miren.browser.model.BaiduSuggestionDataProvider
I/ActivityThread( 2458): Publishing provider miren_browser_history: cn.miren.browser.model.BrowserHistoryDataProvider
I/ActivityThread( 2458): Publishing provider miren_browser_metadata: cn.miren.browser.model.MetadataDataProvider
I/ActivityThread( 2458): Publishing provider cn.miren.browser.downloads: cn.miren.browser.downloadmanager.DownloadProvider
D/common2/downloadmanager( 2458): Initializing AppSettings
D/common2/downloadmanager( 2458): AppSettings should has been Initialized
D/dalvikvm( 2211): GC_EXTERNAL_ALLOC freed 3980 objects / 216896 bytes in 136ms
D/cn.miren.browser.widget( 2458): android.intent.action.BOOT_COMPLETED
I/dalvikvm( 2179): Jit: resizing JitTable from 512 to 1024
I/ActivityManager( 2068): Process com.android.settings (pid 2188) has died.
D/TmWidgetProvider( 2356): onUpdate
E/dhcpcd ( 2243): timed out
D/dhcpcd ( 2243): executing `/system/etc/dhcpcd/dhcpcd-run-hooks', reason FAIL
I/ActivityManager( 2068): Start proc com.android.launcher for broadcast com.android.launcher/.ReceiveUpdateWidgetProvider: pid=2477 uid=10001 gids={}
E/EthernetStateTracker( 2068): DhcpHandler: DHCP request failed: Timed out waiting for DHCP to finish
D/dhcpcd ( 2243): waiting for carrier
D/TmWidgetProvider( 2356): updateAppWidget appWidgetId=4
D/TmWidgetProvider( 2356): updateAppWidget appWidgetId=7
D/dalvikvm( 2356): GC_FOR_MALLOC freed 4750 objects / 332072 bytes in 133ms
I/ActivityThread( 2477): Publishing provider com.android.launcher.settings: com.android.launcher.LauncherProvider
I/ActivityThread( 2477): Publishing provider com.android.launcher.homedock: com.android.launcher.HomeDockProvider
I/ActivityManager( 2068): Start proc com.cooliris.media for broadcast com.cooliris.media/com.cooliris.cache.BootReceiver: pid=2492 uid=10043 gids={1015, 3003}
I/ActivityManager( 2068): Process android.process.acore (pid 2225) has died.
I/ActivityThread( 2492): Publishing provider com.cooliris.picasa.contentprovider: com.cooliris.picasa.PicasaContentProvider
I/BootReceiver( 2492): Got intent with action android.intent.action.MEDIA_MOUNTED
D/MediaScannerService( 2325): start scanning volume external
I/ActivityManager( 2068): Start proc com.android.settings for broadcast com.android.settings/.AutoTimeReceiver: pid=2502 uid=1000 gids={3002, 3001, 3003}
D/MediaScannerService( 2325): org.adwfreak.launcher
D/MediaScannerService( 2325): org.adwfreak.launcher.Launcher
I/ActivityManager( 2068): Starting activity: Intent { flg=0x10000000 cmp=com.android.providers.media/.MediaScanActivity }
D/AutoTimeReceiver( 2502): ------->AutoTimeReceiver:action:android.net.conn.CONNECTIVITY_CHANGE
D/dalvikvm( 2068): GC_EXPLICIT freed 17559 objects / 835136 bytes in 156ms
D/AutoTimeReceiver( 2502): ----------->activeNetInfo:NetworkInfo: type: WIFI[], state: CONNECTED/CONNECTED, reason: (unspecified), extra: (none), roaming: false, failover: false, isAvailable: true
I/ActivityManager( 2068): Start proc com.android.settings:remote for service com.android.settings/.AutotimeService: pid=2509 uid=1000 gids={3002, 3001, 3003}
W/Process ( 2068): Unable to open /proc/2188/status
W/Process ( 2068): Unable to open /proc/2225/status
I/ActivityManager( 2068): Displayed activity com.android.providers.media/.MediaScanActivity: 822 ms (total 10367 ms)
I/ActivityManager( 2068): Process com.google.android.apps.maps:FriendService (pid 2393) has died.
I/GTalkService( 2277): [ServiceAutoStarter] --- connectivity changed
I/GTalkService( 2277): [ServiceAutoStarter] --- start GTalk service ---
D/common2/downloadmanager( 2458): AppSettings should has been Initialized
D/common2/downloadmanager( 2458): AppSettings should has been Initialized
D/AutotimeService( 2509): ----------------->autoEnabled:false
V/cn.miren.browser.util/LauncherUtil( 2458): Acitivity/service 'cn.miren.browser.downloadmanager.DownloadService' is acquiring the ProcessAliveLock
D/ ( 2325): found .nomedia, skipping directory
V/common2/downloadmanager( 2458): Wifi status is changed: true
I/dalvikvm( 2179): Jit: resizing JitTable from 1024 to 2048
I/ActivityManager( 2068): Process com.android.theatremodeserviceIPC (pid 2408) has died.
D/dalvikvm( 2211): GC_FOR_MALLOC freed 11362 objects / 529056 bytes in 163ms
D/ ( 2325): found .nomedia, skipping directory
V/cn.miren.browser.util/LauncherUtil( 2458): Acitivity/service 'cn.miren.browser.downloadmanager.DownloadService' is releasing the ProcessAliveLock
V/cn.miren.browser.util/LauncherUtil( 2458): No acitivity/service exists anymore, let's kill the process
I/Process ( 2458): Sending signal. PID: 2458 SIG: 9
I/ActivityManager( 2068): Process cn.miren.browser (pid 2458) has died.
D/ ( 2325): found .nomedia, skipping directory
D/dalvikvm( 2179): GC_FOR_MALLOC freed 48897 objects / 1872152 bytes in 164ms
D/dalvikvm( 2211): GC_FOR_MALLOC freed 11872 objects / 547520 bytes in 193ms
D/ ( 2325): found .nomedia, skipping directory
I/dalvikvm( 2211): Jit: resizing JitTable from 512 to 1024
W/Process ( 2068): Unable to open /proc/2393/status
W/Process ( 2068): Unable to open /proc/2408/status
D/TmWidgetProvider( 2356): updateAppWidget appWidgetId=7
D/dalvikvm( 2211): GC_FOR_MALLOC freed 11518 objects / 523832 bytes in 122ms
D/TmWidgetProvider( 2356): onUpdate
D/TmWidgetProvider( 2356): updateAppWidget appWidgetId=4
D/TmWidgetProvider( 2356): updateAppWidget appWidgetId=7
D/ ( 2325): found .nomedia, skipping directory
I/BootReceiver( 2492): Got intent with action android.intent.action.MEDIA_SCANNER_FINISHED
I/ActivityManager( 2068): Start proc com.android.VideoPlayer for broadcast com.android.VideoPlayer/.myBroadcastReceiver: pid=2525 uid=10030 gids={}
D/dalvikvm( 1993): GC_EXPLICIT freed 271 objects / 10272 bytes in 178ms
D/dalvikvm( 1993): GC_EXPLICIT freed 37 objects / 1640 bytes in 138ms
D/dalvikvm( 1993): GC_EXPLICIT freed 2 objects / 48 bytes in 114ms
D/ ( 2325): found .nomedia, skipping directory
D/MediaScanner( 2325): prescan time: 1107ms
D/MediaScanner( 2325): scan time: 8985ms
D/MediaScanner( 2325): postscan time: 0ms
D/MediaScanner( 2325): total time: 10092ms
D/MediaScanActivity( 2325): WE HAVE GOT SCANNER FINISHED BROADCAST
I/BootReceiver( 2492): Got intent with action android.intent.action.MEDIA_SCANNER_FINISHED
D/MediaScannerService( 2325): done scanning volume external
W/ActivityManager( 2068): Duplicate finish request for HistoryRecord{462b6998 com.android.providers.media/.MediaScanActivity}
I/ActivityManager( 2068): Start proc android.process.acore for content provider com.android.providers.contacts/.ContactsProvider2: pid=2534 uid=10003 gids={3003, 1015}
I/ActivityThread( 2534): Publishing provider user_dictionary: com.android.providers.userdictionary.UserDictionaryProvider
I/ActivityThread( 2534): Publishing provider com.android.social: com.android.providers.contacts.SocialProvider
I/ActivityThread( 2534): Publishing provider applications: com.android.providers.applications.ApplicationsProvider
I/ActivityThread( 2534): Publishing provider contacts;com.android.contacts: com.android.providers.contacts.ContactsProvider2
I/ActivityThread( 2534): Publishing provider call_log: com.android.providers.contacts.CallLogProvider
I/ActivityManager( 2068): Process com.android.hdmiserviceIPC (pid 2422) has died.
D/dalvikvm( 2534): GC_FOR_MALLOC freed 3143 objects / 203904 bytes in 82ms
D/dalvikvm( 2271): GC_FOR_MALLOC freed 4252 objects / 243432 bytes in 64ms
I/Gmail ( 2271): calculateUnknownSyncRationalesAndPurgeInBackground: queueing
I/Gmail ( 2271): calculateUnknownSyncRationalesAndPurgeInBackground: running
I/Gmail ( 2271): MainSyncRequestProto: lowestBkwdConvoId: 0, highestHandledServerOp: 1597, normalSync: true
D/dalvikvm( 2271): GC_FOR_MALLOC freed 7135 objects / 366584 bytes in 98ms
I/ActivityManager( 2068): Process com.skype.raider (pid 2431) has died.
D/dalvikvm( 2271): GC_EXPLICIT freed 1527 objects / 72584 bytes in 58ms
I/Gmail ( 2271): MainSyncRequestProto: lowestBkwdConvoId: 0, highestHandledServerOp: 1600, normalSync: true
D/TmWidgetProvider( 2356): updateAppWidget appWidgetId=7
W/Process ( 2068): Unable to open /proc/2422/status
W/Process ( 2068): Unable to open /proc/2431/status
D/TmWidgetProvider( 2356): updateAppWidget appWidgetId=7
D/TmWidgetProvider( 2356): updateAppWidget appWidgetId=7
D/dalvikvm( 2356): GC_FOR_MALLOC freed 9695 objects / 590144 bytes in 65ms
D/TmWidgetProvider( 2356): updateAppWidget appWidgetId=7
D/NetdConnector( 2068): SND -> {interface readrxcounter rmnet0} {null}
D/NetdConnector( 2068): RCV <- {216 0}
D/NetdConnector( 2068): RSP <- {216 0}
D/NetdConnector( 2068): SND -> {interface readtxcounter rmnet0} {null}
D/NetdConnector( 2068): RCV <- {217 0}
D/NetdConnector( 2068): RSP <- {217 0}
D/TmWidgetProvider( 2356): updateAppWidget appWidgetId=7
D/dalvikvm( 2211): GC_EXPLICIT freed 5548 objects / 269072 bytes in 69ms
D/TmWidgetProvider( 2356): updateAppWidget appWidgetId=7
D/TmWidgetProvider( 2356): updateAppWidget appWidgetId=7
