D/TmWidgetProvider( 2356): updateAppWidget appWidgetId=7
D/TmWidgetProvider( 2356): updateAppWidget appWidgetId=7
D/TmWidgetProvider( 2356): updateAppWidget appWidgetId=7
D/dalvikvm( 2356): GC_FOR_MALLOC freed 10518 objects / 529680 bytes in 54ms
I/dalvikvm( 2356): Jit: resizing JitTable from 512 to 1024
D/WindowManager( 2068): --->screenWasOff:false; flags:1114368; FLAG_TOUCHABLE_WHEN_WAKING:64
D/WindowManager( 2068): --->screenWasOff:false; flags:1114368; FLAG_TOUCHABLE_WHEN_WAKING:64
D/dalvikvm( 2068): GC_FOR_MALLOC freed 33260 objects / 1577568 bytes in 182ms
D/WindowManager( 2068): --->screenWasOff:false; flags:1114368; FLAG_TOUCHABLE_WHEN_WAKING:64
D/WindowManager( 2068): --->screenWasOff:false; flags:1114368; FLAG_TOUCHABLE_WHEN_WAKING:64
D/WindowManager( 2068): --->screenWasOff:false; flags:1114368; FLAG_TOUCHABLE_WHEN_WAKING:64
I/wpa_supplicant( 2156): CTRL-EVENT-DISCONNECTED - Disconnect event - remove keys
I/wpa_supplicant( 2156): CTRL-EVENT-STATE-CHANGE id=0 state=0
D/dhcpcd ( 2257): carrier lost
I/wpa_supplicant( 2156): CTRL-EVENT-DISCONNECTED - Disconnect event - remove keys
I/wpa_supplicant( 2156): CTRL-EVENT-STATE-CHANGE id=0 state=0
V/WifiMonitor( 2068): Event [CTRL-EVENT-DISCONNECTED - Disconnect event - remove keys]
V/WifiMonitor( 2068): Event [CTRL-EVENT-STATE-CHANGE id=0 state=0]
V/WifiMonitor( 2068): Event [CTRL-EVENT-DISCONNECTED - Disconnect event - remove keys]
V/WifiStateTracker( 2068): New network state is DISCONNECTED
V/WifiStateTracker( 2068): Changing supplicant state: COMPLETED ==> DISCONNECTED
V/WifiStateTracker( 2068): New network state is DISCONNECTED
V/WifiMonitor( 2068): Event [CTRL-EVENT-STATE-CHANGE id=0 state=0]
V/WifiStateTracker( 2068): Changing supplicant state: DISCONNECTED ==> DISCONNECTED
I/wpa_supplicant( 2156): CTRL-EVENT-STATE-CHANGE id=0 state=2
V/WifiMonitor( 2068): Event [CTRL-EVENT-STATE-CHANGE id=0 state=2]
V/WifiStateTracker( 2068): Changing supplicant state: DISCONNECTED ==> SCANNING
D/TmWidgetProvider( 2356): updateAppWidget appWidgetId=7
D/WifiStateTracker( 2068): Reset connections and stopping DHCP
D/dhcpcd ( 2257): received SIGTERM, stopping
D/dhcpcd ( 2257): deleting route 0.0.0.0/0 via 192.168.1.1
D/dhcpcd ( 2257): deleting IP address 192.168.1.3/24
D/dhcpcd ( 2257): executing `/system/etc/dhcpcd/dhcpcd-run-hooks', reason STOP
I/wpa_supplicant( 2156): CTRL-EVENT-SCAN-RESULTS Ready
I/wpa_supplicant( 2156): Trying to associate with 48:5b:39:bc:11:d3 (SSID='Onil' freq=2412 MHz)
I/wpa_supplicant( 2156): CTRL-EVENT-STATE-CHANGE id=0 state=3
I/wpa_supplicant( 2156): Association request to the driver failed
V/WifiMonitor( 2068): Event [Trying to associate with 48:5b:39:bc:11:d3 (SSID='Onil' freq=2412 MHz)]
V/WifiMonitor( 2068): Event [CTRL-EVENT-STATE-CHANGE id=0 state=3]
V/WifiMonitor( 2068): Event [Association request to the driver failed]
W/Smack/Packet( 2277): notify conn break (IOEx), close connection
D/Smack ( 2277): [XMPPConn] close connection, notifyClosed=false
I/wpa_supplicant( 2156): CTRL-EVENT-STATE-CHANGE id=0 state=4
I/wpa_supplicant( 2156): Associated with 48:5b:39:bc:11:d3
I/wpa_supplicant( 2156): CTRL-EVENT-STATE-CHANGE id=0 state=7
I/wpa_supplicant( 2156): CTRL-EVENT-CONNECTED - Connection to 48:5b:39:bc:11:d3 completed (reauth) [id=0 id_str=]
V/WifiMonitor( 2068): Event [CTRL-EVENT-STATE-CHANGE id=0 state=4]
V/WifiMonitor( 2068): Event [Associated with 48:5b:39:bc:11:d3]
V/WifiMonitor( 2068): Event [CTRL-EVENT-STATE-CHANGE id=0 state=7]
V/WifiMonitor( 2068): Event [CTRL-EVENT-CONNECTED - Connection to 48:5b:39:bc:11:d3 completed (reauth) [id=0 id_str=]]
D/dhcpcd ( 2243): received SIGTERM, stopping
D/NetworkStateTracker( 2068): setDetailed state, old =CONNECTED and new state=DISCONNECTED
V/WifiStateTracker( 2068): Changing supplicant state: SCANNING ==> ASSOCIATING
D/NetworkStateTracker( 2068): setDetailed state, old =DISCONNECTED and new state=CONNECTING
V/WifiStateTracker( 2068): Changing supplicant state: ASSOCIATING ==> ASSOCIATED
D/NetworkStateTracker( 2068): setDetailed state, old =CONNECTING and new state=CONNECTING
V/WifiStateTracker( 2068): Changing supplicant state: ASSOCIATED ==> COMPLETED
V/WifiStateTracker( 2068): New network state is CONNECTED
D/NetworkStateTracker( 2068): setDetailed state, old =CONNECTING and new state=OBTAINING_IPADDR
D/ConnectivityService( 2068): ConnectivityChange for WIFI: CONNECTING/OBTAINING_IPADDR
D/ConnectivityService( 2068): Dropping ConnectivityChange for WIFI: CONNECTING/OBTAINING_IPADDR
D/ConnectivityService( 2068): Dropping ConnectivityChange for WIFI: CONNECTING/OBTAINING_IPADDR
D/WifiStateTracker( 2068): DhcpHandler: DHCP request started
D/dhcpcd ( 2624): dhcpcd 4.0.15 starting
D/dhcpcd ( 2624): hardware address = 00:22:43:40:0f:6b
D/dhcpcd ( 2624): executing `/system/etc/dhcpcd/dhcpcd-run-hooks', reason PREINIT
D/dhcpcd ( 2624): host does not support a monotonic clock - timing can skew
D/dhcpcd ( 2624): broadcasting for a lease
D/dhcpcd ( 2624): sending DHCP_DISCOVER with xid 0x5667c108, next in 3.05 seconds
D/dhcpcd ( 2624): offered 192.168.1.3 from 192.168.1.1
D/dhcpcd ( 2624): sending DHCP_REQUEST with xid 0x5667c108, next in 3.25 seconds
D/dhcpcd ( 2624): acknowledged 192.168.1.3 from 192.168.1.1
D/dhcpcd ( 2624): checking 192.168.1.3 is available on attached networks
D/dhcpcd ( 2624): sending ARP probe (1 of 3), next in 1.57 seconds
D/dhcpcd ( 2624): sending ARP probe (2 of 3), next in 1.23 seconds
D/dhcpcd ( 2624): sending ARP probe (3 of 3), next in 2.00 seconds
D/dhcpcd ( 2624): leased 192.168.1.3 for 86400 seconds
D/dhcpcd ( 2624): adding IP address 192.168.1.3/24
D/dhcpcd ( 2624): adding route to 0.0.0.0/0 via 192.168.1.1
D/dhcpcd ( 2624): executing `/system/etc/dhcpcd/dhcpcd-run-hooks', reason BOUND
D/TmWidgetProvider( 2356): updateAppWidget appWidgetId=7
V/WifiStateTracker( 2068): DhcpHandler: DHCP request succeeded
D/NetworkStateTracker( 2068): setDetailed state, old =OBTAINING_IPADDR and new state=CONNECTED
V/WifiStateTracker( 2068): IP configuration: ipaddr 192.168.1.3 gateway 192.168.1.1 netmask 255.255.255.0 dns1 192.168.1.1 dns2 89.184.0.129 DHCP server 192.168.1.1 lease 86400 seconds
D/ConnectivityService( 2068): ConnectivityChange for WIFI: CONNECTED/CONNECTED
V/NetworkStateTracker( 2068): Setting TCP values: [4095,87380,110208,4096,16384,110208] which comes from [net.tcp.buffersize.wifi]
D/WifiWatchdogService( 2068): (android.server.ServerThread) Onil (48:5b:39:bc:11:d3) does not require the watchdog
D/ConnectivityService( 2068): adding dns 192.168.1.1 for WIFI
D/ConnectivityService( 2068): adding dns 89.184.0.129 for WIFI
D/Tethering( 2068): Tethering got CONNECTIVITY_ACTION
D/Tethering( 2068): MasterInitialState.processMessage what=3
E/HierarchicalStateMachine( 2068): TetherMaster - unhandledMessage: msg.what=3
D/AutoTimeReceiver( 2502): ------->AutoTimeReceiver:action:android.net.conn.CONNECTIVITY_CHANGE
D/AutoTimeReceiver( 2502): ----------->activeNetInfo:NetworkInfo: type: WIFI[], state: CONNECTED/CONNECTED, reason: (unspecified), extra: (none), roaming: false, failover: false, isAvailable: true
D/AutotimeService( 2509): ----------------->autoEnabled:false
I/GTalkService( 2277): [ServiceAutoStarter] --- connectivity changed
I/GTalkService( 2277): [ServiceAutoStarter] --- start GTalk service ---
D/dalvikvm( 2325): GC_FOR_MALLOC freed 5068 objects / 296664 bytes in 186ms
I/ActivityManager( 2068): Start proc cn.miren.browser for broadcast cn.miren.browser/.downloadmanager.DownloadReceiver: pid=2660 uid=10074 gids={3003, 1015}
D/dhcpcd ( 2624): sending ARP announce (1 of 2), next in 2.00 seconds
I/ActivityManager( 2068): Process com.keramidas.TitaniumBackup (pid 2450) has died.
I/ActivityManager( 2068): Process az.mecid.atodo (pid 2443) has died.
I/ActivityThread( 2660): Publishing provider miren_browser_rss: cn.miren.browser.model.RssFeedsContentProvider
I/ActivityThread( 2660): Publishing provider miren_browser_suggest: cn.miren.browser.model.MiRenUrlDataProvider
I/ActivityThread( 2660): Publishing provider cn.miren.baidu_suggestion: cn.miren.browser.model.BaiduSuggestionDataProvider
I/ActivityThread( 2660): Publishing provider miren_browser_history: cn.miren.browser.model.BrowserHistoryDataProvider
I/ActivityThread( 2660): Publishing provider miren_browser_metadata: cn.miren.browser.model.MetadataDataProvider
I/ActivityThread( 2660): Publishing provider cn.miren.browser.downloads: cn.miren.browser.downloadmanager.DownloadProvider
D/common2/downloadmanager( 2660): Initializing AppSettings
D/common2/downloadmanager( 2660): AppSettings should has been Initialized
D/common2/downloadmanager( 2660): AppSettings should has been Initialized
D/common2/downloadmanager( 2660): AppSettings should has been Initialized
V/cn.miren.browser.util/LauncherUtil( 2660): Acitivity/service 'cn.miren.browser.downloadmanager.DownloadService' is acquiring the ProcessAliveLock
V/common2/downloadmanager( 2660): Wifi status is changed: true
V/cn.miren.browser.util/LauncherUtil( 2660): Acitivity/service 'cn.miren.browser.downloadmanager.DownloadService' is releasing the ProcessAliveLock
V/cn.miren.browser.util/LauncherUtil( 2660): No acitivity/service exists anymore, let's kill the process
I/Process ( 2660): Sending signal. PID: 2660 SIG: 9
I/ActivityManager( 2068): Process cn.miren.browser (pid 2660) has died.
D/dhcpcd ( 2624): sending ARP announce (2 of 2)
D/dhcpcd ( 2624): renew in 43196 seconds
D/dalvikvm( 2271): GC_EXPLICIT freed 1673 objects / 67024 bytes in 57ms
D/TmWidgetProvider( 2356): updateAppWidget appWidgetId=7
W/Process ( 2068): Unable to open /proc/2443/status
W/Process ( 2068): Unable to open /proc/2450/status
I/WindowManager( 2068): Setting rotation to 1, animFlags=0
I/ActivityManager( 2068): Config changed: { scale=1.0 imsi=0/0 loc=ru_RU touch=3 keys=1/1/2 nav=1/1 orien=1 layout=35 uiMode=17 seq=5}
I/UsageStats( 2068): Unexpected resume of org.adwfreak.launcher while already resumed in org.adwfreak.launcher
D/dalvikvm( 2179): GC_FOR_MALLOC freed 59027 objects / 2148488 bytes in 86ms
D/======================>WindowManager( 2068): display size when orientation changed--->display.width:600; display.height:1024
D/HomeLoaders( 2179): aborting loaders
D/dalvikvm( 2179): GC_EXPLICIT freed 164 objects / 7728 bytes in 67ms
D/WindowOrientationListener( 2068): --->postDelayed()delayTime:1247
D/WindowOrientationListener( 2068): --->mLastTime:249745
D/dalvikvm( 2068): GC_EXTERNAL_ALLOC freed 8301 objects / 475352 bytes in 154ms
D/HomeLoaders( 2179): load applications
D/HomeLoaders( 2179): --> applications loaded, return
D/HomeLoaders( 2179): loading user items in Thread[main,5,main]
D/HomeLoaders( 2179): --> items loaded, return
D/HomeLoaders( 2179): --> loading from cache: 11, 2
D/Launcher( 2179): ------> binding 11 items
D/Launcher( 2179): ------> binding 2 widgets
D/Launcher( 2179): ------> start binding items
D/LAUNCHER( 2179): ORDER=[2,3,4,5,11,6,7,12,9,10]
D/dalvikvm( 2179): GC_EXTERNAL_ALLOC freed 1324 objects / 61032 bytes in 109ms
D/WindowOrientationListener( 2068): --->in Runnable mIsLastChange():251750
I/WindowManager( 2068): Setting rotation to 0, animFlags=0
I/ActivityManager( 2068): Config changed: { scale=1.0 imsi=0/0 loc=ru_RU touch=3 keys=1/1/2 nav=1/1 orien=2 layout=35 uiMode=17 seq=6}
I/UsageStats( 2068): Unexpected resume of org.adwfreak.launcher while already resumed in org.adwfreak.launcher
D/======================>WindowManager( 2068): display size when orientation changed--->display.width:1024; display.height:600
I/ActivityManager( 2068): Process com.android.providers.calendar (pid 2363) has died.
W/WindowManager( 2068): No window to dispatch pointer action 0
I/ActivityManager( 2068): Process com.acer.tasks (pid 2373) has died.
W/WindowManager( 2068): No window to dispatch pointer action 1
D/dalvikvm( 2068): GC_EXPLICIT freed 2461 objects / 154808 bytes in 184ms
D/dalvikvm( 2068): GC_EXTERNAL_ALLOC freed 477 objects / 21848 bytes in 179ms
D/dalvikvm( 2179): GC_EXTERNAL_ALLOC freed 485 objects / 22224 bytes in 164ms
I/ActivityManager( 2068): Process com.android.email (pid 2383) has died.
D/dalvikvm( 2068): GC_EXPLICIT freed 79 objects / 3008 bytes in 183ms
W/WindowManager( 2068): No window to dispatch pointer action 0
D/dalvikvm( 2068): GC_EXTERNAL_ALLOC freed 351 objects / 12104 bytes in 199ms
W/WindowManager( 2068): No window to dispatch pointer action 1
D/dalvikvm( 2179): GC_EXTERNAL_ALLOC freed 1933 objects / 90320 bytes in 152ms
I/ActivityManager( 2068): Process com.android.launcher (pid 2477) has died.
W/WindowManager( 2068): App freeze timeout expired.
W/WindowManager( 2068): Force clearing freeze: AppWindowToken{4603b860 token=HistoryRecord{46143c80 org.adwfreak.launcher/.Launcher}}
W/WindowManager( 2068): No window to dispatch pointer action 0
D/dalvikvm( 2068): GC_EXPLICIT freed 378 objects / 17168 bytes in 132ms
W/Process ( 2068): Unable to open /proc/2363/status
W/Process ( 2068): Unable to open /proc/2373/status
W/Process ( 2068): Unable to open /proc/2383/status
W/Process ( 2068): Unable to open /proc/2477/status
W/WindowManager( 2068): No window to dispatch pointer action 1
D/HomeLoaders( 2179): aborting loaders
D/dalvikvm( 2179): GC_EXPLICIT freed 1834 objects / 88272 bytes in 61ms
D/dalvikvm( 2068): GC_EXTERNAL_ALLOC freed 1130 objects / 66760 bytes in 183ms
D/HomeLoaders( 2179): load applications
D/HomeLoaders( 2179): --> applications loaded, return
D/HomeLoaders( 2179): loading user items in Thread[main,5,main]
D/HomeLoaders( 2179): --> items loaded, return
D/HomeLoaders( 2179): --> loading from cache: 11, 2
D/Launcher( 2179): ------> binding 11 items
D/Launcher( 2179): ------> binding 2 widgets
D/Launcher( 2179): ------> start binding items
D/LAUNCHER( 2179): ORDER=[2,3,4,5,11,6,7,12,9,10]
D/dalvikvm( 2179): GC_EXTERNAL_ALLOC freed 1920 objects / 85624 bytes in 160ms
D/TmWidgetProvider( 2356): updateAppWidget appWidgetId=7
D/dalvikvm( 2068): GC_EXTERNAL_ALLOC freed 438 objects / 16632 bytes in 168ms
D/dalvikvm( 2068): GC_EXPLICIT freed 2 objects / 48 bytes in 166ms
D/dalvikvm( 2068): GC_EXPLICIT freed 14 objects / 536 bytes in 176ms
D/dalvikvm( 2179): GC_EXTERNAL_ALLOC freed 414 objects / 18936 bytes in 61ms
D/dalvikvm( 2179): GC_EXTERNAL_ALLOC freed 389 objects / 14400 bytes in 61ms
D/WindowManager( 2068): --->screenWasOff:false; flags:1114368; FLAG_TOUCHABLE_WHEN_WAKING:64
D/dalvikvm( 2277): GC_FOR_MALLOC freed 5366 objects / 503848 bytes in 60ms
D/NativeCrypto( 2277): Freeing OpenSSL session
D/WindowManager( 2068): --->screenWasOff:false; flags:1114368; FLAG_TOUCHABLE_WHEN_WAKING:64
D/WindowManager( 2068): --->screenWasOff:false; flags:1114368; FLAG_TOUCHABLE_WHEN_WAKING:64
D/WindowManager( 2068): --->screenWasOff:false; flags:1114368; FLAG_TOUCHABLE_WHEN_WAKING:64
D/TmWidgetProvider( 2356): updateAppWidget appWidgetId=7
D/WindowManager( 2068): --->screenWasOff:false; flags:1114368; FLAG_TOUCHABLE_WHEN_WAKING:64
D/WindowManager( 2068): --->screenWasOff:false; flags:1114368; FLAG_TOUCHABLE_WHEN_WAKING:64
D/dalvikvm( 2277): GC_EXPLICIT freed 2089 objects / 111440 bytes in 56ms
D/TmWidgetProvider( 2356): updateAppWidget appWidgetId=7
D/WindowManager( 2068): --->screenWasOff:false; flags:1114368; FLAG_TOUCHABLE_WHEN_WAKING:64
D/WindowManager( 2068): --->screenWasOff:false; flags:1114368; FLAG_TOUCHABLE_WHEN_WAKING:64
W/BackupManagerService( 2068): dataChanged but no participant pkg='com.android.providers.settings' uid=10082
W/BackupManagerService( 2068): dataChanged but no participant pkg='com.android.providers.settings' uid=10082
I/ActivityManager( 2068): Starting activity: Intent { flg=0x10000000 cmp=com.jim2/.ActivityBrightness }
I/dalvikvm( 2179): Jit: resizing JitTable from 2048 to 4096
D/dalvikvm( 2211): GC_FOR_MALLOC freed 9130 objects / 434144 bytes in 60ms
I/ActivityManager( 2068): Displayed activity com.jim2/.ActivityBrightness: 806 ms (total 806 ms)
W/ActivityManager( 2068): Duplicate finish request for HistoryRecord{45faffc0 com.jim2/.ActivityBrightness}
E/WindowManager( 2211): Activity com.jim2.ActivityBrightness has leaked window com.android.internal.policy.impl.PhoneWindow$DecorView@45efea00 that was originally added here
E/WindowManager( 2211): android.view.WindowLeaked: Activity com.jim2.ActivityBrightness has leaked window com.android.internal.policy.impl.PhoneWindow$DecorView@45efea00 that was originally added here
E/WindowManager( 2211): at android.view.ViewRoot.(ViewRoot.java:247)
E/WindowManager( 2211): at android.view.WindowManagerImpl.addView(WindowManagerImpl.java:148)
E/WindowManager( 2211): at android.view.WindowManagerImpl.addView(WindowManagerImpl.java:91)
E/WindowManager( 2211): at android.view.Window$LocalWindowManager.addView(Window.java:424)
E/WindowManager( 2211): at android.app.Dialog.show(Dialog.java:241)
E/WindowManager( 2211): at com.jim2.ActivityBrightness.onCreate(ActivityBrightness.java:173)
E/WindowManager( 2211): at android.app.Instrumentation.callActivityOnCreate(Instrumentation.java:1047)
E/WindowManager( 2211): at android.app.ActivityThread.performLaunchActivity(ActivityThread.java:2627)
E/WindowManager( 2211): at android.app.ActivityThread.handleLaunchActivity(ActivityThread.java:2679)
E/WindowManager( 2211): at android.app.ActivityThread.access$2300(ActivityThread.java:125)
E/WindowManager( 2211): at android.app.ActivityThread$H.handleMessage(ActivityThread.java:2033)
E/WindowManager( 2211): at android.os.Handler.dispatchMessage(Handler.java:99)
E/WindowManager( 2211): at android.os.Looper.loop(Looper.java:123)
E/WindowManager( 2211): at android.app.ActivityThread.main(ActivityThread.java:4627)
E/WindowManager( 2211): at java.lang.reflect.Method.invokeNative(Native Method)
E/WindowManager( 2211): at java.lang.reflect.Method.invoke(Method.java:521)
E/WindowManager( 2211): at com.android.internal.os.ZygoteInit$MethodAndArgsCaller.run(ZygoteInit.java:868)
E/WindowManager( 2211): at com.android.internal.os.ZygoteInit.main(ZygoteInit.java:626)
E/WindowManager( 2211): at dalvik.system.NativeStart.main(Native Method)
D/WindowManager( 2068): --->screenWasOff:false; flags:1114368; FLAG_TOUCHABLE_WHEN_WAKING:64
W/BackupManagerService( 2068): dataChanged but no participant pkg='com.android.providers.settings' uid=10082
W/BackupManagerService( 2068): dataChanged but no participant pkg='com.android.providers.settings' uid=10082
I/ActivityManager( 2068): Starting activity: Intent { flg=0x10000000 cmp=com.jim2/.ActivityBrightness }
I/ActivityManager( 2068): Displayed activity com.jim2/.ActivityBrightness: 485 ms (total 485 ms)
W/ActivityManager( 2068): Duplicate finish request for HistoryRecord{461aec48 com.jim2/.ActivityBrightness}
D/WindowManager( 2068): --->screenWasOff:false; flags:1114368; FLAG_TOUCHABLE_WHEN_WAKING:64
W/BackupManagerService( 2068): dataChanged but no participant pkg='com.android.providers.settings' uid=10082
I/ActivityManager( 2068): Starting activity: Intent { flg=0x10000000 cmp=com.jim2/.ActivityBrightness }
E/WindowManager( 2211): Activity com.jim2.ActivityBrightness has leaked window com.android.internal.policy.impl.PhoneWindow$DecorView@45ea6980 that was originally added here
E/WindowManager( 2211): android.view.WindowLeaked: Activity com.jim2.ActivityBrightness has leaked window com.android.internal.policy.impl.PhoneWindow$DecorView@45ea6980 that was originally added here
E/WindowManager( 2211): at android.view.ViewRoot.(ViewRoot.java:247)
E/WindowManager( 2211): at android.view.WindowManagerImpl.addView(WindowManagerImpl.java:148)
E/WindowManager( 2211): at android.view.WindowManagerImpl.addView(WindowManagerImpl.java:91)
E/WindowManager( 2211): at android.view.Window$LocalWindowManager.addView(Window.java:424)
E/WindowManager( 2211): at android.app.Dialog.show(Dialog.java:241)
E/WindowManager( 2211): at com.jim2.ActivityBrightness.onCreate(ActivityBrightness.java:173)
E/WindowManager( 2211): at android.app.Instrumentation.callActivityOnCreate(Instrumentation.java:1047)
E/WindowManager( 2211): at android.app.ActivityThread.performLaunchActivity(ActivityThread.java:2627)
E/WindowManager( 2211): at android.app.ActivityThread.handleLaunchActivity(ActivityThread.java:2679)
E/WindowManager( 2211): at android.app.ActivityThread.access$2300(ActivityThread.java:125)
E/WindowManager( 2211): at android.app.ActivityThread$H.handleMessage(ActivityThread.java:2033)
E/WindowManager( 2211): at android.os.Handler.dispatchMessage(Handler.java:99)
E/WindowManager( 2211): at android.os.Looper.loop(Looper.java:123)
E/WindowManager( 2211): at android.app.ActivityThread.main(ActivityThread.java:4627)
E/WindowManager( 2211): at java.lang.reflect.Method.invokeNative(Native Method)
E/WindowManager( 2211): at java.lang.reflect.Method.invoke(Method.java:521)
E/WindowManager( 2211): at com.android.internal.os.ZygoteInit$MethodAndArgsCaller.run(ZygoteInit.java:868)
E/WindowManager( 2211): at com.android.internal.os.ZygoteInit.main(ZygoteInit.java:626)
E/WindowManager( 2211): at dalvik.system.NativeStart.main(Native Method)
I/ActivityManager( 2068): Displayed activity com.jim2/.ActivityBrightness: 508 ms (total 508 ms)
W/ActivityManager( 2068): Duplicate finish request for HistoryRecord{4602bad0 com.jim2/.ActivityBrightness}
E/WindowManager( 2211): Activity com.jim2.ActivityBrightness has leaked window com.android.internal.policy.impl.PhoneWindow$DecorView@45efd950 that was originally added here
E/WindowManager( 2211): android.view.WindowLeaked: Activity com.jim2.ActivityBrightness has leaked window com.android.internal.policy.impl.PhoneWindow$DecorView@45efd950 that was originally added here
E/WindowManager( 2211): at android.view.ViewRoot.(ViewRoot.java:247)
E/WindowManager( 2211): at android.view.WindowManagerImpl.addView(WindowManagerImpl.java:148)
E/WindowManager( 2211): at android.view.WindowManagerImpl.addView(WindowManagerImpl.java:91)
E/WindowManager( 2211): at android.view.Window$LocalWindowManager.addView(Window.java:424)
E/WindowManager( 2211): at android.app.Dialog.show(Dialog.java:241)
E/WindowManager( 2211): at com.jim2.ActivityBrightness.onCreate(ActivityBrightness.java:173)
E/WindowManager( 2211): at android.app.Instrumentation.callActivityOnCreate(Instrumentation.java:1047)
E/WindowManager( 2211): at android.app.ActivityThread.performLaunchActivity(ActivityThread.java:2627)
E/WindowManager( 2211): at android.app.ActivityThread.handleLaunchActivity(ActivityThread.java:2679)
E/WindowManager( 2211): at android.app.ActivityThread.access$2300(ActivityThread.java:125)
E/WindowManager( 2211): at android.app.ActivityThread$H.handleMessage(ActivityThread.java:2033)
E/WindowManager( 2211): at android.os.Handler.dispatchMessage(Handler.java:99)
E/WindowManager( 2211): at android.os.Looper.loop(Looper.java:123)
E/WindowManager( 2211): at android.app.ActivityThread.main(ActivityThread.java:4627)
E/WindowManager( 2211): at java.lang.reflect.Method.invokeNative(Native Method)
E/WindowManager( 2211): at java.lang.reflect.Method.invoke(Method.java:521)
E/WindowManager( 2211): at com.android.internal.os.ZygoteInit$MethodAndArgsCaller.run(ZygoteInit.java:868)
E/WindowManager( 2211): at com.android.internal.os.ZygoteInit.main(ZygoteInit.java:626)
E/WindowManager( 2211): at dalvik.system.NativeStart.main(Native Method)
D/TmWidgetProvider( 2356): updateAppWidget appWidgetId=7
D/WindowManager( 2068): --->screenWasOff:false; flags:1114368; FLAG_TOUCHABLE_WHEN_WAKING:64
W/BackupManagerService( 2068): dataChanged but no participant pkg='com.android.providers.settings' uid=10082
I/ActivityManager( 2068): Starting activity: Intent { flg=0x10000000 cmp=com.jim2/.ActivityBrightness }
D/dalvikvm( 2211): GC_FOR_MALLOC freed 8254 objects / 518744 bytes in 119ms
I/ActivityManager( 2068): Displayed activity com.jim2/.ActivityBrightness: 591 ms (total 591 ms)
W/ActivityManager( 2068): Duplicate finish request for HistoryRecord{460f7b50 com.jim2/.ActivityBrightness}
E/WindowManager( 2211): Activity com.jim2.ActivityBrightness has leaked window com.android.internal.policy.impl.PhoneWindow$DecorView@45f182c8 that was originally added here
E/WindowManager( 2211): android.view.WindowLeaked: Activity com.jim2.ActivityBrightness has leaked window com.android.internal.policy.impl.PhoneWindow$DecorView@45f182c8 that was originally added here
E/WindowManager( 2211): at android.view.ViewRoot.(ViewRoot.java:247)
E/WindowManager( 2211): at android.view.WindowManagerImpl.addView(WindowManagerImpl.java:148)
E/WindowManager( 2211): at android.view.WindowManagerImpl.addView(WindowManagerImpl.java:91)
E/WindowManager( 2211): at android.view.Window$LocalWindowManager.addView(Window.java:424)
E/WindowManager( 2211): at android.app.Dialog.show(Dialog.java:241)
E/WindowManager( 2211): at com.jim2.ActivityBrightness.onCreate(ActivityBrightness.java:173)
E/WindowManager( 2211): at android.app.Instrumentation.callActivityOnCreate(Instrumentation.java:1047)
E/WindowManager( 2211): at android.app.ActivityThread.performLaunchActivity(ActivityThread.java:2627)
E/WindowManager( 2211): at android.app.ActivityThread.handleLaunchActivity(ActivityThread.java:2679)
E/WindowManager( 2211): at android.app.ActivityThread.access$2300(ActivityThread.java:125)
E/WindowManager( 2211): at android.app.ActivityThread$H.handleMessage(ActivityThread.java:2033)
E/WindowManager( 2211): at android.os.Handler.dispatchMessage(Handler.java:99)
E/WindowManager( 2211): at android.os.Looper.loop(Looper.java:123)
E/WindowManager( 2211): at android.app.ActivityThread.main(ActivityThread.java:4627)
E/WindowManager( 2211): at java.lang.reflect.Method.invokeNative(Native Method)
E/WindowManager( 2211): at java.lang.reflect.Method.invoke(Method.java:521)
E/WindowManager( 2211): at com.android.internal.os.ZygoteInit$MethodAndArgsCaller.run(ZygoteInit.java:868)
E/WindowManager( 2211): at com.android.internal.os.ZygoteInit.main(ZygoteInit.java:626)
E/WindowManager( 2211): at dalvik.system.NativeStart.main(Native Method)
D/WindowManager( 2068): --->screenWasOff:false; flags:1114368; FLAG_TOUCHABLE_WHEN_WAKING:64
D/WindowManager( 2068): --->screenWasOff:false; flags:1114368; FLAG_TOUCHABLE_WHEN_WAKING:64
D/dalvikvm( 2325): GC_EXPLICIT freed 2409 objects / 120208 bytes in 50ms
I/wpa_supplicant( 2156): CTRL-EVENT-DISCONNECTED - Disconnect event - remove keys
I/wpa_supplicant( 2156): CTRL-EVENT-STATE-CHANGE id=0 state=0
I/wpa_supplicant( 2156): CTRL-EVENT-DISCONNECTED - Disconnect event - remove keys
I/wpa_supplicant( 2156): CTRL-EVENT-STATE-CHANGE id=0 state=0
V/WifiMonitor( 2068): Event [CTRL-EVENT-DISCONNECTED - Disconnect event - remove keys]
V/WifiMonitor( 2068): Event [CTRL-EVENT-STATE-CHANGE id=0 state=0]
V/WifiMonitor( 2068): Event [CTRL-EVENT-DISCONNECTED - Disconnect event - remove keys]
V/WifiStateTracker( 2068): New network state is DISCONNECTED
V/WifiStateTracker( 2068): Changing supplicant state: COMPLETED ==> DISCONNECTED
V/WifiStateTracker( 2068): New network state is DISCONNECTED
V/WifiMonitor( 2068): Event [CTRL-EVENT-STATE-CHANGE id=0 state=0]
D/dhcpcd ( 2624): carrier lost
V/WifiStateTracker( 2068): Changing supplicant state: DISCONNECTED ==> DISCONNECTED
D/TmWidgetProvider( 2356): updateAppWidget appWidgetId=7
I/wpa_supplicant( 2156): CTRL-EVENT-STATE-CHANGE id=0 state=2
V/WifiMonitor( 2068): Event [CTRL-EVENT-STATE-CHANGE id=0 state=2]
V/WifiStateTracker( 2068): Changing supplicant state: DISCONNECTED ==> SCANNING
D/WindowManager( 2068): --->screenWasOff:false; flags:1114368; FLAG_TOUCHABLE_WHEN_WAKING:64
I/System.out( 2179): UPDATECOUNTERS REQUEST: com.ghostsq.commander = 0
I/System.out( 2179): UPDATINGCOUNTERS: com.ghostsq.commander = 0
I/ActivityManager( 2068): Starting activity: Intent { act=android.intent.action.MAIN cat=[android.intent.category.LAUNCHER] flg=0x10200000 cmp=com.ghostsq.commander/.FileCommander bnds=[976,224][1024,272] }
D/dalvikvm( 2356): GC_FOR_MALLOC freed 10412 objects / 525848 bytes in 259ms
I/ActivityManager( 2068): Start proc com.ghostsq.commander for activity com.ghostsq.commander/.FileCommander: pid=2700 uid=10069 gids={3003, 1015}
W/ResourceType( 2068): Skipping entry 0x7f040002 in package table 0 because it is not complex!
W/ResourceType( 2068): Skipping entry 0x7f040003 in package table 0 because it is not complex!
I/ActivityThread( 2700): Publishing provider com.ghostsq.commander.FileProvider: com.ghostsq.commander.FileProvider
V/GhostCommanderActivity( 2700): Action: android.intent.action.MAIN
V/GhostCommanderActivity( 2700): Starting
E/ListHelper1( 2700): CommanderAdapter is not defined
I/GhostCommanderActivity( 2700): notify with cookie: 0..
V/Panels ( 2700): toggle
V/Panels ( 2700): setPanelCurrent: 0
I/GhostCommanderActivity( 2700): notify with cookie: 1/
V/Panels ( 2700): toggle
V/Panels ( 2700): setPanelCurrent: 1
V/Panels ( 2700): setPanelCurrent: 1
V/GhostCommanderActivity( 2700): Resuming
D/dalvikvm( 2700): GC_FOR_MALLOC freed 3855 objects / 276344 bytes in 66ms
D/dalvikvm( 2700): GC_EXTERNAL_ALLOC freed 978 objects / 82128 bytes in 66ms
I/ActivityManager( 2068): Displayed activity com.ghostsq.commander/.FileCommander: 2113 ms (total 2113 ms)
D/WindowManager( 2068): --->screenWasOff:false; flags:65792; FLAG_TOUCHABLE_WHEN_WAKING:64
V/Panels ( 2700): toggle
V/Panels ( 2700): setPanelCurrent: 0
D/WifiStateTracker( 2068): Reset connections and stopping DHCP
D/dhcpcd ( 2624): received SIGTERM, stopping
D/dhcpcd ( 2624): deleting route 0.0.0.0/0 via 192.168.1.1
D/dhcpcd ( 2624): deleting IP address 192.168.1.3/24
D/dhcpcd ( 2624): executing `/system/etc/dhcpcd/dhcpcd-run-hooks', reason STOP
W/Smack/Packet( 2277): notify conn break (IOEx), close connection
D/Smack ( 2277): [XMPPConn] close connection, notifyClosed=false
I/wpa_supplicant( 2156): CTRL-EVENT-SCAN-RESULTS Ready
I/wpa_supplicant( 2156): Trying to associate with 48:5b:39:bc:11:d3 (SSID='Onil' freq=2412 MHz)
I/wpa_supplicant( 2156): CTRL-EVENT-STATE-CHANGE id=0 state=3
I/wpa_supplicant( 2156): Association request to the driver failed
V/WifiMonitor( 2068): Event [Trying to associate with 48:5b:39:bc:11:d3 (SSID='Onil' freq=2412 MHz)]
V/WifiMonitor( 2068): Event [CTRL-EVENT-STATE-CHANGE id=0 state=3]
V/WifiMonitor( 2068): Event [Association request to the driver failed]
I/wpa_supplicant( 2156): CTRL-EVENT-STATE-CHANGE id=0 state=4
V/WifiMonitor( 2068): Event [CTRL-EVENT-STATE-CHANGE id=0 state=4]
I/wpa_supplicant( 2156): Associated with 48:5b:39:bc:11:d3
I/wpa_supplicant( 2156): CTRL-EVENT-STATE-CHANGE id=0 state=7
I/wpa_supplicant( 2156): CTRL-EVENT-CONNECTED - Connection to 48:5b:39:bc:11:d3 completed (reauth) [id=0 id_str=]
V/WifiMonitor( 2068): Event [Associated with 48:5b:39:bc:11:d3]
V/WifiMonitor( 2068): Event [CTRL-EVENT-STATE-CHANGE id=0 state=7]
V/WifiMonitor( 2068): Event [CTRL-EVENT-CONNECTED - Connection to 48:5b:39:bc:11:d3 completed (reauth) [id=0 id_str=]]
D/dalvikvm( 2700): GC_FOR_MALLOC freed 4501 objects / 283096 bytes in 81ms
I/dalvikvm( 2068): Jit: resizing JitTable from 4096 to 8192
D/NetworkStateTracker( 2068): setDetailed state, old =CONNECTED and new state=DISCONNECTED
V/WifiStateTracker( 2068): Changing supplicant state: SCANNING ==> ASSOCIATING
D/NetworkStateTracker( 2068): setDetailed state, old =DISCONNECTED and new state=CONNECTING
V/WifiStateTracker( 2068): Changing supplicant state: ASSOCIATING ==> ASSOCIATED
D/NetworkStateTracker( 2068): setDetailed state, old =CONNECTING and new state=CONNECTING
V/WifiStateTracker( 2068): Changing supplicant state: ASSOCIATED ==> COMPLETED
V/WifiStateTracker( 2068): New network state is CONNECTED
D/WifiStateTracker( 2068): DhcpHandler: DHCP request started
D/NetworkStateTracker( 2068): setDetailed state, old =CONNECTING and new state=OBTAINING_IPADDR
D/ConnectivityService( 2068): ConnectivityChange for WIFI: CONNECTING/OBTAINING_IPADDR
D/ConnectivityService( 2068): Dropping ConnectivityChange for WIFI: CONNECTING/OBTAINING_IPADDR
D/ConnectivityService( 2068): Dropping ConnectivityChange for WIFI: CONNECTING/OBTAINING_IPADDR
D/dhcpcd ( 2724): dhcpcd 4.0.15 starting
D/dhcpcd ( 2724): hardware address = 00:22:43:40:0f:6b
D/dhcpcd ( 2724): executing `/system/etc/dhcpcd/dhcpcd-run-hooks', reason PREINIT
D/dhcpcd ( 2724): host does not support a monotonic clock - timing can skew
D/dhcpcd ( 2724): broadcasting for a lease
D/dhcpcd ( 2724): sending DHCP_DISCOVER with xid 0xb3482430, next in 3.21 seconds
D/dhcpcd ( 2724): offered 192.168.1.3 from 192.168.1.1
D/dhcpcd ( 2724): sending DHCP_REQUEST with xid 0xb3482430, next in 4.32 seconds
D/dhcpcd ( 2724): acknowledged 192.168.1.3 from 192.168.1.1
D/dhcpcd ( 2724): checking 192.168.1.3 is available on attached networks
D/dhcpcd ( 2724): sending ARP probe (1 of 3), next in 1.99 seconds
I/dalvikvm( 2700): Jit: resizing JitTable from 512 to 1024
D/WindowManager( 2068): --->screenWasOff:false; flags:65792; FLAG_TOUCHABLE_WHEN_WAKING:64
D/dhcpcd ( 2724): sending ARP probe (2 of 3), next in 1.10 seconds
D/TmWidgetProvider( 2356): updateAppWidget appWidgetId=7
D/dhcpcd ( 2724): sending ARP probe (3 of 3), next in 2.00 seconds
D/WindowManager( 2068): --->screenWasOff:false; flags:65792; FLAG_TOUCHABLE_WHEN_WAKING:64
D/dalvikvm( 2700): GC_EXTERNAL_ALLOC freed 2749 objects / 133688 bytes in 63ms
D/dhcpcd ( 2724): leased 192.168.1.3 for 86400 seconds
D/dhcpcd ( 2724): adding IP address 192.168.1.3/24
D/dhcpcd ( 2724): adding route to 0.0.0.0/0 via 192.168.1.1
D/dhcpcd ( 2724): executing `/system/etc/dhcpcd/dhcpcd-run-hooks', reason BOUND
V/WifiStateTracker( 2068): DhcpHandler: DHCP request succeeded
D/NetworkStateTracker( 2068): setDetailed state, old =OBTAINING_IPADDR and new state=CONNECTED
V/WifiStateTracker( 2068): IP configuration: ipaddr 192.168.1.3 gateway 192.168.1.1 netmask 255.255.255.0 dns1 192.168.1.1 dns2 89.184.0.129 DHCP server 192.168.1.1 lease 86400 seconds
V/NetworkStateTracker( 2068): Setting TCP values: [4095,87380,110208,4096,16384,110208] which comes from [net.tcp.buffersize.wifi]
D/ConnectivityService( 2068): ConnectivityChange for WIFI: CONNECTED/CONNECTED
D/WifiWatchdogService( 2068): (android.server.ServerThread) Onil (48:5b:39:bc:11:d3) does not require the watchdog
D/ConnectivityService( 2068): adding dns 192.168.1.1 for WIFI
D/ConnectivityService( 2068): adding dns 89.184.0.129 for WIFI
D/Tethering( 2068): Tethering got CONNECTIVITY_ACTION
D/Tethering( 2068): MasterInitialState.processMessage what=3
E/HierarchicalStateMachine( 2068): TetherMaster - unhandledMessage: msg.what=3
D/AutoTimeReceiver( 2502): ------->AutoTimeReceiver:action:android.net.conn.CONNECTIVITY_CHANGE
D/AutoTimeReceiver( 2502): ----------->activeNetInfo:NetworkInfo: type: WIFI[], state: CONNECTED/CONNECTED, reason: (unspecified), extra: (none), roaming: false, failover: false, isAvailable: true
D/AutotimeService( 2509): ----------------->autoEnabled:false
I/GTalkService( 2277): [ServiceAutoStarter] --- connectivity changed
I/GTalkService( 2277): [ServiceAutoStarter] --- start GTalk service ---
I/ActivityManager( 2068): Start proc cn.miren.browser for broadcast cn.miren.browser/.downloadmanager.DownloadReceiver: pid=2756 uid=10074 gids={3003, 1015}
I/ActivityThread( 2756): Publishing provider miren_browser_rss: cn.miren.browser.model.RssFeedsContentProvider
I/ActivityThread( 2756): Publishing provider miren_browser_suggest: cn.miren.browser.model.MiRenUrlDataProvider
I/ActivityThread( 2756): Publishing provider cn.miren.baidu_suggestion: cn.miren.browser.model.BaiduSuggestionDataProvider
I/ActivityThread( 2756): Publishing provider miren_browser_history: cn.miren.browser.model.BrowserHistoryDataProvider
I/ActivityThread( 2756): Publishing provider miren_browser_metadata: cn.miren.browser.model.MetadataDataProvider
I/ActivityThread( 2756): Publishing provider cn.miren.browser.downloads: cn.miren.browser.downloadmanager.DownloadProvider
D/common2/downloadmanager( 2756): Initializing AppSettings
D/common2/downloadmanager( 2756): AppSettings should has been Initialized
D/common2/downloadmanager( 2756): AppSettings should has been Initialized
D/common2/downloadmanager( 2756): AppSettings should has been Initialized
V/cn.miren.browser.util/LauncherUtil( 2756): Acitivity/service 'cn.miren.browser.downloadmanager.DownloadService' is acquiring the ProcessAliveLock
V/common2/downloadmanager( 2756): Wifi status is changed: true
V/cn.miren.browser.util/LauncherUtil( 2756): Acitivity/service 'cn.miren.browser.downloadmanager.DownloadService' is releasing the ProcessAliveLock
V/cn.miren.browser.util/LauncherUtil( 2756): No acitivity/service exists anymore, let's kill the process
I/Process ( 2756): Sending signal. PID: 2756 SIG: 9
I/ActivityManager( 2068): Process cn.miren.browser (pid 2756) has died.
D/dhcpcd ( 2724): sending ARP announce (1 of 2), next in 2.00 seconds
D/WindowManager( 2068): --->screenWasOff:false; flags:65792; FLAG_TOUCHABLE_WHEN_WAKING:64
D/dhcpcd ( 2724): sending ARP announce (2 of 2)
D/dhcpcd ( 2724): renew in 43196 seconds
D/WindowManager( 2068): --->screenWasOff:false; flags:131074; FLAG_TOUCHABLE_WHEN_WAKING:64
I/dalvikvm( 2700): Jit: resizing JitTable from 1024 to 2048
D/WindowManager( 2068): --->screenWasOff:false; flags:131074; FLAG_TOUCHABLE_WHEN_WAKING:64
D/TmWidgetProvider( 2356): updateAppWidget appWidgetId=7
D/dalvikvm( 2700): GC_FOR_MALLOC freed 7470 objects / 368024 bytes in 65ms
W/InputManagerService( 2068): Window already focused, ignoring focus gain of: com.android.internal.view.IInputMethodClient$Stub$Proxy@46061c20
D/WindowManager( 2068): --->screenWasOff:false; flags:65792; FLAG_TOUCHABLE_WHEN_WAKING:64
D/WindowManager( 2068): --->screenWasOff:false; flags:65792; FLAG_TOUCHABLE_WHEN_WAKING:64
D/dalvikvm( 2179): GC_EXPLICIT freed 36999 objects / 1523936 bytes in 79ms
D/WindowManager( 2068): --->screenWasOff:false; flags:65792; FLAG_TOUCHABLE_WHEN_WAKING:64
D/TmWidgetProvider( 2356): updateAppWidget appWidgetId=7
D/WindowManager( 2068): --->screenWasOff:false; flags:65792; FLAG_TOUCHABLE_WHEN_WAKING:64
D/dalvikvm( 2356): GC_EXPLICIT freed 4446 objects / 234112 bytes in 51ms
D/WindowManager( 2068): --->screenWasOff:false; flags:65792; FLAG_TOUCHABLE_WHEN_WAKING:64
D/WindowManager( 2068): --->screenWasOff:false; flags:65792; FLAG_TOUCHABLE_WHEN_WAKING:64
I/ActivityManager( 2068): Starting activity: Intent { act=android.intent.action.VIEW dat=file:///sdcard/DrawingPadv1039_Market_Militia_.apk typ=application/vnd.android.package-archive cmp=com.android.packageinstaller/.PackageInstallerActivity }
W/Process ( 2068): Unable to open /proc/2063/status
D/WindowManager( 2068): --->screenWasOff:false; flags:65792; FLAG_TOUCHABLE_WHEN_WAKING:64
D/dalvikvm( 2700): GC_FOR_MALLOC freed 12642 objects / 653912 bytes in 92ms
I/GhostCommanderActivity( 2700): Saving Instance State
V/GhostCommanderActivity( 2700): Pausing
D/dalvikvm( 2700): GC_FOR_MALLOC freed 1295 objects / 66064 bytes in 60ms
W/ActivityManager( 2068): Activity pause timeout for HistoryRecord{461c71f8 com.ghostsq.commander/.FileCommander}
I/ActivityManager( 2068): Start proc com.android.packageinstaller for activity com.android.packageinstaller/.PackageInstallerActivity: pid=2780 uid=10057 gids={}
W/WindowManager( 2068): Pointer down received while already down in: Window{46249368 com.ghostsq.commander/com.ghostsq.commander.FileCommander paused=false}
D/WindowManager( 2068): --->screenWasOff:false; flags:65792; FLAG_TOUCHABLE_WHEN_WAKING:64
D/WindowManager( 2068): --->screenWasOff:false; flags:65792; FLAG_TOUCHABLE_WHEN_WAKING:64
V/GhostCommanderActivity( 2700): Stopping
I/dalvikvm( 2700): Jit: resizing JitTable from 2048 to 4096
D/dalvikvm( 2068): GC_FOR_MALLOC freed 29190 objects / 1473736 bytes in 152ms
W/PackageParser( 2780): /sdcard/DrawingPadv1039_Market_Militia_.apk (at Binary XML file line #20): Requires newer sdk version #11 (current version is #8)
W/PackageInstaller( 2780): Parse error when parsing manifest. Discontinuing installation
I/ActivityManager( 2068): Displayed activity com.android.packageinstaller/.PackageInstallerActivity: 3421 ms (total 3421 ms)
D/WindowManager( 2068): --->screenWasOff:false; flags:131074; FLAG_TOUCHABLE_WHEN_WAKING:64
D/TmWidgetProvider( 2356): updateAppWidget appWidgetId=7
V/GhostCommanderActivity( 2700): Starting
I/GhostCommanderActivity( 2700): notify with cookie: 0Robotek_HD_1.9.apk
I/GhostCommanderActivity( 2700): notify with cookie: 1/
V/Panels ( 2700): toggle
V/Panels ( 2700): setPanelCurrent: 1
V/Panels ( 2700): setPanelCurrent: 0
V/GhostCommanderActivity( 2700): Resuming
W/InputManagerService( 2068): Window already focused, ignoring focus gain of: com.android.internal.view.IInputMethodClient$Stub$Proxy@460748b0
D/WindowManager( 2068): --->screenWasOff:false; flags:65792; FLAG_TOUCHABLE_WHEN_WAKING:64
D/dalvikvm( 2700): GC_FOR_MALLOC freed 10086 objects / 491896 bytes in 64ms
D/WindowManager( 2068): --->screenWasOff:false; flags:65792; FLAG_TOUCHABLE_WHEN_WAKING:64
D/TmWidgetProvider( 2356): updateAppWidget appWidgetId=7
D/WindowManager( 2068): --->screenWasOff:false; flags:65792; FLAG_TOUCHABLE_WHEN_WAKING:64
D/dalvikvm( 2502): GC_EXPLICIT freed 1287 objects / 88384 bytes in 51ms
D/TmWidgetProvider( 2356): updateAppWidget appWidgetId=7
D/WindowManager( 2068): --->screenWasOff:false; flags:65792; FLAG_TOUCHABLE_WHEN_WAKING:64
D/su ( 2802): 2000 /system/bin/sh executing 0 /system/bin/sh using shell /system/bin/sh : sh
I/ActivityManager( 2068): Start proc com.noshufou.android.su for broadcast com.noshufou.android.su/.SuNotificationReceiver: pid=2804 uid=10042 gids={1015, 3003}
E/Su.Util ( 2804): Package not found for uid 2000
D/WindowManager( 2068): --->screenWasOff:false; flags:65792; FLAG_TOUCHABLE_WHEN_WAKING:64
D/TmWidgetProvider( 2356): updateAppWidget appWidgetId=7
D/dalvikvm( 2509): GC_EXPLICIT freed 1247 objects / 82928 bytes in 50ms
D/WindowManager( 2068): --->screenWasOff:false; flags:72; FLAG_TOUCHABLE_WHEN_WAKING:64
D/StatusBarView( 2068): ===================>onInterceptTouchEvent():x:25.264908 y:8.930832
D/StatusBarView( 2068): ------------>action:0
D/StatusBarView( 2068): ------------->in home down
D/StatusBarView( 2068): ------------->in home down
D/StatusBarView( 2068): --->sp:false
D/StatusBarView( 2068): ===================>onInterceptTouchEvent():x:25.264908 y:8.930832
D/StatusBarView( 2068): ------------>action:2
D/StatusBarView( 2068): rLeft:730.0 rRight:1022.0 lLeft:2.0 lRight:52.0
D/StatusBarView( 2068): ===================>onInterceptTouchEvent():x:26.58104 y:9.580704
D/StatusBarView( 2068): ------------>action:2
D/StatusBarView( 2068): rLeft:730.0 rRight:1022.0 lLeft:2.0 lRight:52.0
D/StatusBarView( 2068): ===================>onInterceptTouchEvent():x:28.420563 y:11.044342
D/StatusBarView( 2068): ------------>action:2
D/StatusBarView( 2068): rLeft:730.0 rRight:1022.0 lLeft:2.0 lRight:52.0
D/StatusBarView( 2068): ===================>onInterceptTouchEvent():x:28.151215 y:12.022003
D/StatusBarView( 2068): ------------>action:2
D/StatusBarView( 2068): rLeft:730.0 rRight:1022.0 lLeft:2.0 lRight:52.0
D/StatusBarView( 2068): ===================>onInterceptTouchEvent():x:27.888168 y:11.859451
D/StatusBarView( 2068): ------------>action:2
D/StatusBarView( 2068): rLeft:730.0 rRight:1022.0 lLeft:2.0 lRight:52.0
D/StatusBarView( 2068): ===================>onInterceptTouchEvent():x:26.30809 y:11.209915
D/StatusBarView( 2068): ------------>action:2
D/StatusBarView( 2068): rLeft:730.0 rRight:1022.0 lLeft:2.0 lRight:52.0
D/StatusBarView( 2068): ===================>onInterceptTouchEvent():x:21.8264 y:10.2382965
D/StatusBarView( 2068): ------------>action:2
D/StatusBarView( 2068): rLeft:730.0 rRight:1022.0 lLeft:2.0 lRight:52.0
D/StatusBarView( 2068): ===================>onInterceptTouchEvent():x:21.8264 y:10.2382965
D/StatusBarView( 2068): ------------>action:1
D/StatusBarView( 2068): ------------->in home up
D/StatusBarView( 2068): ------------->in home up
I/ActivityManager( 2068): Starting activity: Intent { act=android.intent.action.MAIN cat=[android.intent.category.HOME] flg=0x10200000 cmp=org.adwfreak.launcher/.Launcher }
I/GhostCommanderActivity( 2700): Saving Instance State
D/StatusBarView( 2068): --->sp:false
V/GhostCommanderActivity( 2700): Pausing
V/GhostCommanderActivity( 2700): Stopping
D/WindowManager( 2068): --->screenWasOff:false; flags:1114368; FLAG_TOUCHABLE_WHEN_WAKING:64
I/Process ( 2068): Sending signal. PID: 2502 SIG: 9
I/Process ( 2068): Sending signal. PID: 2509 SIG: 9
I/Process ( 2068): Sending signal. PID: 2804 SIG: 9
I/Process ( 2068): Sending signal. PID: 2700 SIG: 9
I/WindowManager( 2068): WIN DEATH: Window{46249368 com.ghostsq.commander/com.ghostsq.commander.FileCommander paused=false}
W/ActivityManager( 2068): Scheduling restart of crashed service com.jim2/.UpdateService in 5000ms
I/Process ( 2068): Sending signal. PID: 2211 SIG: 9
I/Process ( 2068): Sending signal. PID: 2780 SIG: 9
I/Process ( 2068): Sending signal. PID: 2492 SIG: 9
I/Process ( 2068): Sending signal. PID: 2525 SIG: 9
W/ActivityManager( 2068): Scheduling restart of crashed service com.android.VideoPlayer/.myService in 14951ms
D/TmWidgetProvider( 2356): updateAppWidget appWidgetId=7
D/TmWidgetProvider( 2356): updateAppWidget appWidgetId=4
D/TmWidgetProvider( 2356): updateAppWidget appWidgetId=7
D/TmWidgetProvider( 2356): updateAppWidget appWidgetId=4
D/WindowManager( 2068): --->screenWasOff:false; flags:1114368; FLAG_TOUCHABLE_WHEN_WAKING:64
D/WindowManager( 2068): --->screenWasOff:false; flags:1114368; FLAG_TOUCHABLE_WHEN_WAKING:64
I/System.out( 2179): UPDATECOUNTERS REQUEST: org.swiftp = 0
I/System.out( 2179): UPDATINGCOUNTERS: org.swiftp = 0
I/ActivityManager( 2068): Starting activity: Intent { act=android.intent.action.MAIN cat=[android.intent.category.LAUNCHER] flg=0x10200000 cmp=org.swiftp/.ServerControlActivity bnds=[976,320][1024,368] }
I/ActivityManager( 2068): Start proc org.swiftp for activity org.swiftp/.ServerControlActivity: pid=2813 uid=10078 gids={3003, 1015}
W/Process ( 2068): Unable to open /proc/2804/status
W/Process ( 2068): Unable to open /proc/2211/status
W/Process ( 2068): Unable to open /proc/2492/status
W/Process ( 2068): Unable to open /proc/2509/status
W/Process ( 2068): Unable to open /proc/2525/status
W/Process ( 2068): Unable to open /proc/2700/status
W/Process ( 2068): Unable to open /proc/2780/status
I/ActivityManager( 2068): Displayed activity org.swiftp/.ServerControlActivity: 859 ms (total 859 ms)
D/WindowManager( 2068): --->screenWasOff:false; flags:65792; FLAG_TOUCHABLE_WHEN_WAKING:64
D/WifiService( 2068): acquireWifiLockLocked: WifiLock{SwiFTP type=1 binder=android.os.BinderProxy@460eff90}
I/org.swiftp.FTPServerService( 2813): SwiFTP server ready
I/ActivityManager( 2068): Start proc com.jim2 for service com.jim2/.UpdateService: pid=2824 uid=10082 gids={3002, 3001, 1006, 1015}
I/ActivityThread( 2824): Publishing provider com.jim2.docksProvider: com.jim2.docksProvider
D/dalvikvm( 2824): GC_EXTERNAL_ALLOC freed 3736 objects / 205896 bytes in 54ms
D/StatusBarView( 2068): ===================>onInterceptTouchEvent():x:23.611908 y:21.47519
D/WindowManager( 2068): --->screenWasOff:false; flags:72; FLAG_TOUCHABLE_WHEN_WAKING:64
D/StatusBarView( 2068): ------------>action:0
D/StatusBarView( 2068): ------------->in home down
D/StatusBarView( 2068): ------------->in home down
D/StatusBarView( 2068): --->sp:false
D/StatusBarView( 2068): ===================>onInterceptTouchEvent():x:23.084915 y:21.312973
D/StatusBarView( 2068): ------------>action:2
D/StatusBarView( 2068): rLeft:730.0 rRight:1022.0 lLeft:2.0 lRight:52.0
D/StatusBarView( 2068): ===================>onInterceptTouchEvent():x:25.72438 y:21.309616
D/StatusBarView( 2068): ------------>action:2
D/StatusBarView( 2068): rLeft:730.0 rRight:1022.0 lLeft:2.0 lRight:52.0
D/StatusBarView( 2068): ===================>onInterceptTouchEvent():x:27.044113 y:21.307938
D/StatusBarView( 2068): ------------>action:2
D/StatusBarView( 2068): rLeft:730.0 rRight:1022.0 lLeft:2.0 lRight:52.0
D/StatusBarView( 2068): ===================>onInterceptTouchEvent():x:27.313461 y:20.330276
D/StatusBarView( 2068): ------------>action:2
D/StatusBarView( 2068): rLeft:730.0 rRight:1022.0 lLeft:2.0 lRight:52.0
D/StatusBarView( 2068): ===================>onInterceptTouchEvent():x:27.575607 y:20.655716
D/StatusBarView( 2068): ------------>action:2
D/StatusBarView( 2068): rLeft:730.0 rRight:1022.0 lLeft:2.0 lRight:52.0
D/StatusBarView( 2068): ===================>onInterceptTouchEvent():x:27.575607 y:20.655716
D/StatusBarView( 2068): ------------>action:1
D/StatusBarView( 2068): ------------->in home up
D/StatusBarView( 2068): ------------->in home up
I/ActivityManager( 2068): Start proc com.android.settings for broadcast com.android.settings/.widget.SettingsAppWidgetProvider: pid=2830 uid=1000 gids={3002, 3001, 3003}
I/ActivityManager( 2068): Starting activity: Intent { act=android.intent.action.MAIN cat=[android.intent.category.HOME] flg=0x10200000 cmp=org.adwfreak.launcher/.Launcher }
D/StatusBarView( 2068): --->sp:false
D/TmWidgetProvider( 2356): updateAppWidget appWidgetId=4
D/dalvikvm( 2356): GC_FOR_MALLOC freed 9273 objects / 470048 bytes in 52ms
I/org.swiftp.TcpListener( 2813): New connection, spawned thread
I/org.swiftp.SessionThread( 2813): SessionThread started
D/dalvikvm( 2813): GC_FOR_MALLOC freed 8792 objects / 278728 bytes in 61ms
I/class org.swiftp.CmdPASS( 2813): User onil password verified
I/org.swiftp.SessionThread( 2813): Authentication complete
D/dalvikvm( 2813): GC_FOR_MALLOC freed 798 objects / 437624 bytes in 49ms
D/SntpClient( 2068): request time failed: java.net.SocketException: Address family not supported by protocol
I/ActivityManager( 2068): Start proc com.android.VideoPlayer for service com.android.VideoPlayer/.myService: pid=2846 uid=10030 gids={}
D/dalvikvm( 2534): GC_EXPLICIT freed 5092 objects / 265632 bytes in 173ms
D/TmWidgetProvider( 2356): updateAppWidget appWidgetId=4
D/dalvikvm( 2271): GC_EXPLICIT freed 708 objects / 31792 bytes in 71ms
D/TmWidgetProvider( 2356): updateAppWidget appWidgetId=4
D/dalvikvm( 2325): GC_EXPLICIT freed 635 objects / 36576 bytes in 51ms
D/dalvikvm( 2068): GC_FOR_MALLOC freed 31078 objects / 1462448 bytes in 154ms
D/TmWidgetProvider( 2356): updateAppWidget appWidgetId=4
